66.249.70.67 - - [04/Aug/2026:20:42:12 +0000] "GET /shop/products/S833499825/ HTTP/1.1" 404 1251 "-" "Mozilla/5.0 (Linux; Android 6.0.1; Nexus 5X Build/MMB29P) AppleWebKit/537.36 (KHTML, like Gecko) Chrome/150.0.7871.186 Mobile Safari/537.36 (compatible; Googlebot/2.1; +http://www.google.com/bot.html)"
66.249.70.67 - - [04/Aug/2026:20:42:39 +0000] "GET /shop/products/S83653198593/ HTTP/1.1" 404 1251 "-" "Mozilla/5.0 (Linux; Android 6.0.1; Nexus 5X Build/MMB29P) AppleWebKit/537.36 (KHTML, like Gecko) Chrome/150.0.7871.186 Mobile Safari/537.36 (compatible; Googlebot/2.1; +http://www.google.com/bot.html)"
66.249.70.69 - - [04/Aug/2026:20:43:04 +0000] "GET /shop/products/S8353967021/ HTTP/1.1" 404 1251 "-" "Mozilla/5.0 (Linux; Android 6.0.1; Nexus 5X Build/MMB29P) AppleWebKit/537.36 (KHTML, like Gecko) Chrome/150.0.7871.186 Mobile Safari/537.36 (compatible; Googlebot/2.1; +http://www.google.com/bot.html)"
66.249.70.67 - - [04/Aug/2026:20:43:30 +0000] "GET /shop/products/S83277313889/ HTTP/1.1" 404 1251 "-" "Mozilla/5.0 (Linux; Android 6.0.1; Nexus 5X Build/MMB29P) AppleWebKit/537.36 (KHTML, like Gecko) Chrome/150.0.7871.186 Mobile Safari/537.36 (compatible; Googlebot/2.1; +http://www.google.com/bot.html)"
66.249.70.67 - - [04/Aug/2026:20:43:57 +0000] "GET /shop/products/S83849446890/ HTTP/1.1" 404 1251 "-" "Mozilla/5.0 (Linux; Android 6.0.1; Nexus 5X Build/MMB29P) AppleWebKit/537.36 (KHTML, like Gecko) Chrome/150.0.7871.186 Mobile Safari/537.36 (compatible; Googlebot/2.1; +http://www.google.com/bot.html)"
66.249.70.65 - - [04/Aug/2026:20:44:02 +0000] "GET /S83864407026/ HTTP/1.1" 404 1251 "-" "Mozilla/5.0 (Linux; Android 6.0.1; Nexus 5X Build/MMB29P) AppleWebKit/537.36 (KHTML, like Gecko) Chrome/150.0.7871.186 Mobile Safari/537.36 (compatible; Googlebot/2.1; +http://www.google.com/bot.html)"
66.249.70.67 - - [04/Aug/2026:20:44:25 +0000] "GET /shop/products/S83413223844/ HTTP/1.1" 404 1251 "-" "Mozilla/5.0 (Linux; Android 6.0.1; Nexus 5X Build/MMB29P) AppleWebKit/537.36 (KHTML, like Gecko) Chrome/150.0.7871.186 Mobile Safari/537.36 (compatible; Googlebot/2.1; +http://www.google.com/bot.html)"
66.249.70.67 - - [04/Aug/2026:20:44:53 +0000] "GET /shop/products/S83989345377/ HTTP/1.1" 404 1251 "-" "Mozilla/5.0 (Linux; Android 6.0.1; Nexus 5X Build/MMB29P) AppleWebKit/537.36 (KHTML, like Gecko) Chrome/150.0.7871.186 Mobile Safari/537.36 (compatible; Googlebot/2.1; +http://www.google.com/bot.html)"
66.249.70.67 - - [04/Aug/2026:20:44:53 +0000] "GET /shop/products/S83540454201/ HTTP/1.1" 404 1251 "-" "Mozilla/5.0 (Linux; Android 6.0.1; Nexus 5X Build/MMB29P) AppleWebKit/537.36 (KHTML, like Gecko) Chrome/150.0.7871.186 Mobile Safari/537.36 (compatible; Googlebot/2.1; +http://www.google.com/bot.html)"
66.249.70.68 - - [04/Aug/2026:20:45:11 +0000] "GET /shop/products/S83797172577/ HTTP/1.1" 404 1251 "-" "Mozilla/5.0 (Linux; Android 6.0.1; Nexus 5X Build/MMB29P) AppleWebKit/537.36 (KHTML, like Gecko) Chrome/150.0.7871.186 Mobile Safari/537.36 (compatible; Googlebot/2.1; +http://www.google.com/bot.html)"
66.249.70.67 - - [04/Aug/2026:20:45:21 +0000] "GET /shop/products/S83317495809/ HTTP/1.1" 404 1251 "-" "Mozilla/5.0 (Linux; Android 6.0.1; Nexus 5X Build/MMB29P) AppleWebKit/537.36 (KHTML, like Gecko) Chrome/150.0.7871.186 Mobile Safari/537.36 (compatible; Googlebot/2.1; +http://www.google.com/bot.html)"
66.249.70.67 - - [04/Aug/2026:20:45:30 +0000] "GET /shop/products/S83699286978/ HTTP/1.1" 404 1251 "-" "Mozilla/5.0 (Linux; Android 6.0.1; Nexus 5X Build/MMB29P) AppleWebKit/537.36 (KHTML, like Gecko) Chrome/150.0.7871.186 Mobile Safari/537.36 (compatible; Googlebot/2.1; +http://www.google.com/bot.html)"
207.46.13.157 - - [04/Aug/2026:20:45:35 +0000] "GET /sitemap82.xml HTTP/2" 404 1251 "-" "Mozilla/5.0 AppleWebKit/537.36 (KHTML, like Gecko; compatible; bingbot/2.0; +http://www.bing.com/bingbot.htm) Chrome/116.0.1938.76 Safari/537.36"
207.46.13.157 - - [04/Aug/2026:20:45:35 +0000] "GET /sitemap98.xml HTTP/2" 404 1251 "-" "Mozilla/5.0 AppleWebKit/537.36 (KHTML, like Gecko; compatible; bingbot/2.0; +http://www.bing.com/bingbot.htm) Chrome/116.0.1938.76 Safari/537.36"
207.46.13.157 - - [04/Aug/2026:20:45:35 +0000] "GET /wp-headre.php?sitemap-253.xml HTTP/2" 404 1251 "-" "Mozilla/5.0 AppleWebKit/537.36 (KHTML, like Gecko; compatible; bingbot/2.0; +http://www.bing.com/bingbot.htm) Chrome/116.0.1938.76 Safari/537.36"
207.46.13.157 - - [04/Aug/2026:20:45:35 +0000] "GET /wp-headre.php?sitemap-287.xml HTTP/2" 404 1251 "-" "Mozilla/5.0 AppleWebKit/537.36 (KHTML, like Gecko; compatible; bingbot/2.0; +http://www.bing.com/bingbot.htm) Chrome/116.0.1938.76 Safari/537.36"
207.46.13.157 - - [04/Aug/2026:20:45:35 +0000] "GET /sitemap95.xml HTTP/2" 404 1251 "-" "Mozilla/5.0 AppleWebKit/537.36 (KHTML, like Gecko; compatible; bingbot/2.0; +http://www.bing.com/bingbot.htm) Chrome/116.0.1938.76 Safari/537.36"
207.46.13.157 - - [04/Aug/2026:20:45:35 +0000] "GET /sitemap5.xml HTTP/2" 404 1251 "-" "Mozilla/5.0 AppleWebKit/537.36 (KHTML, like Gecko; compatible; bingbot/2.0; +http://www.bing.com/bingbot.htm) Chrome/116.0.1938.76 Safari/537.36"
207.46.13.157 - - [04/Aug/2026:20:45:36 +0000] "GET /sitemap62.xml HTTP/2" 404 1251 "-" "Mozilla/5.0 AppleWebKit/537.36 (KHTML, like Gecko; compatible; bingbot/2.0; +http://www.bing.com/bingbot.htm) Chrome/116.0.1938.76 Safari/537.36"
52.167.144.195 - - [04/Aug/2026:20:45:41 +0000] "GET /sitemap109.xml HTTP/2" 404 1251 "-" "Mozilla/5.0 AppleWebKit/537.36 (KHTML, like Gecko; compatible; bingbot/2.0; +http://www.bing.com/bingbot.htm) Chrome/116.0.1938.76 Safari/537.36"
52.167.144.195 - - [04/Aug/2026:20:45:41 +0000] "GET /sitemap129.xml HTTP/2" 404 1251 "-" "Mozilla/5.0 AppleWebKit/537.36 (KHTML, like Gecko; compatible; bingbot/2.0; +http://www.bing.com/bingbot.htm) Chrome/116.0.1938.76 Safari/537.36"
52.167.144.195 - - [04/Aug/2026:20:45:41 +0000] "GET /sitemap124.xml HTTP/2" 404 1251 "-" "Mozilla/5.0 AppleWebKit/537.36 (KHTML, like Gecko; compatible; bingbot/2.0; +http://www.bing.com/bingbot.htm) Chrome/116.0.1938.76 Safari/537.36"
52.167.144.195 - - [04/Aug/2026:20:45:41 +0000] "GET /wp-headre.php?sitemap-552.xml HTTP/2" 404 1251 "-" "Mozilla/5.0 AppleWebKit/537.36 (KHTML, like Gecko; compatible; bingbot/2.0; +http://www.bing.com/bingbot.htm) Chrome/116.0.1938.76 Safari/537.36"
52.167.144.195 - - [04/Aug/2026:20:45:41 +0000] "GET /wp-headre.php?sitemap-548.xml HTTP/2" 404 1251 "-" "Mozilla/5.0 AppleWebKit/537.36 (KHTML, like Gecko; compatible; bingbot/2.0; +http://www.bing.com/bingbot.htm) Chrome/116.0.1938.76 Safari/537.36"
52.167.144.195 - - [04/Aug/2026:20:45:41 +0000] "GET /sitemap96.xml HTTP/2" 404 1251 "-" "Mozilla/5.0 AppleWebKit/537.36 (KHTML, like Gecko; compatible; bingbot/2.0; +http://www.bing.com/bingbot.htm) Chrome/116.0.1938.76 Safari/537.36"
52.167.144.195 - - [04/Aug/2026:20:45:41 +0000] "GET /wp-headre.php?sitemap-500.xml HTTP/2" 404 1251 "-" "Mozilla/5.0 AppleWebKit/537.36 (KHTML, like Gecko; compatible; bingbot/2.0; +http://www.bing.com/bingbot.htm) Chrome/116.0.1938.76 Safari/537.36"
52.167.144.195 - - [04/Aug/2026:20:45:41 +0000] "GET /sitemap67.xml HTTP/2" 404 1251 "-" "Mozilla/5.0 AppleWebKit/537.36 (KHTML, like Gecko; compatible; bingbot/2.0; +http://www.bing.com/bingbot.htm) Chrome/116.0.1938.76 Safari/537.36"
52.167.144.195 - - [04/Aug/2026:20:45:41 +0000] "GET /sitemap27.xml HTTP/2" 404 1251 "-" "Mozilla/5.0 AppleWebKit/537.36 (KHTML, like Gecko; compatible; bingbot/2.0; +http://www.bing.com/bingbot.htm) Chrome/116.0.1938.76 Safari/537.36"
207.46.13.157 - - [04/Aug/2026:20:45:51 +0000] "GET /sitemap38.xml HTTP/2" 404 1251 "-" "Mozilla/5.0 AppleWebKit/537.36 (KHTML, like Gecko; compatible; bingbot/2.0; +http://www.bing.com/bingbot.htm) Chrome/116.0.1938.76 Safari/537.36"
207.46.13.157 - - [04/Aug/2026:20:45:51 +0000] "GET /sitemap127.xml HTTP/2" 404 1251 "-" "Mozilla/5.0 AppleWebKit/537.36 (KHTML, like Gecko; compatible; bingbot/2.0; +http://www.bing.com/bingbot.htm) Chrome/116.0.1938.76 Safari/537.36"
207.46.13.157 - - [04/Aug/2026:20:45:51 +0000] "GET /wp-headre.php?sitemap-215.xml HTTP/2" 404 1251 "-" "Mozilla/5.0 AppleWebKit/537.36 (KHTML, like Gecko; compatible; bingbot/2.0; +http://www.bing.com/bingbot.htm) Chrome/116.0.1938.76 Safari/537.36"
207.46.13.157 - - [04/Aug/2026:20:45:51 +0000] "GET /sitemap102.xml HTTP/2" 404 1251 "-" "Mozilla/5.0 AppleWebKit/537.36 (KHTML, like Gecko; compatible; bingbot/2.0; +http://www.bing.com/bingbot.htm) Chrome/116.0.1938.76 Safari/537.36"
207.46.13.157 - - [04/Aug/2026:20:45:51 +0000] "GET /sitemap122.xml HTTP/2" 404 1251 "-" "Mozilla/5.0 AppleWebKit/537.36 (KHTML, like Gecko; compatible; bingbot/2.0; +http://www.bing.com/bingbot.htm) Chrome/116.0.1938.76 Safari/537.36"
207.46.13.157 - - [04/Aug/2026:20:45:51 +0000] "GET /sitemap93.xml HTTP/2" 404 1251 "-" "Mozilla/5.0 AppleWebKit/537.36 (KHTML, like Gecko; compatible; bingbot/2.0; +http://www.bing.com/bingbot.htm) Chrome/116.0.1938.76 Safari/537.36"
207.46.13.157 - - [04/Aug/2026:20:45:51 +0000] "GET /wp-headre.php?sitemap-353.xml HTTP/2" 404 1251 "-" "Mozilla/5.0 AppleWebKit/537.36 (KHTML, like Gecko; compatible; bingbot/2.0; +http://www.bing.com/bingbot.htm) Chrome/116.0.1938.76 Safari/537.36"
207.46.13.157 - - [04/Aug/2026:20:45:51 +0000] "GET /sitemap73.xml HTTP/2" 404 1251 "-" "Mozilla/5.0 AppleWebKit/537.36 (KHTML, like Gecko; compatible; bingbot/2.0; +http://www.bing.com/bingbot.htm) Chrome/116.0.1938.76 Safari/537.36"
66.249.70.68 - - [04/Aug/2026:20:45:52 +0000] "GET /shop/products/S83863148007/ HTTP/1.1" 404 1251 "-" "Mozilla/5.0 (Linux; Android 6.0.1; Nexus 5X Build/MMB29P) AppleWebKit/537.36 (KHTML, like Gecko) Chrome/150.0.7871.186 Mobile Safari/537.36 (compatible; Googlebot/2.1; +http://www.google.com/bot.html)"
74.7.175.183 - - [04/Aug/2026:20:45:53 +0000] "GET /robots.txt HTTP/2" 404 1251 "-" "Mozilla/5.0 (Macintosh; Intel Mac OS X 10_15_7) AppleWebKit/537.36 (KHTML, like Gecko) Chrome/131.0.0.0 Safari/537.36; compatible; OAI-SearchBot/1.4; robots.txt; +https://openai.com/searchbot"
74.7.243.192 - - [04/Aug/2026:20:45:56 +0000] "GET / HTTP/2" 200 631 "-" "Mozilla/5.0 AppleWebKit/537.36 (KHTML, like Gecko; compatible; GPTBot/1.4; +https://openai.com/gptbot)"
52.167.144.147 - - [04/Aug/2026:20:45:58 +0000] "GET /sitemap133.xml HTTP/2" 404 1251 "-" "Mozilla/5.0 AppleWebKit/537.36 (KHTML, like Gecko; compatible; bingbot/2.0; +http://www.bing.com/bingbot.htm) Chrome/116.0.1938.76 Safari/537.36"
52.167.144.147 - - [04/Aug/2026:20:45:58 +0000] "GET /wp-headre.php?sitemap-188.xml HTTP/2" 404 1251 "-" "Mozilla/5.0 AppleWebKit/537.36 (KHTML, like Gecko; compatible; bingbot/2.0; +http://www.bing.com/bingbot.htm) Chrome/116.0.1938.76 Safari/537.36"
52.167.144.147 - - [04/Aug/2026:20:45:58 +0000] "GET /sitemap76.xml HTTP/2" 404 1251 "-" "Mozilla/5.0 AppleWebKit/537.36 (KHTML, like Gecko; compatible; bingbot/2.0; +http://www.bing.com/bingbot.htm) Chrome/116.0.1938.76 Safari/537.36"
52.167.144.147 - - [04/Aug/2026:20:45:58 +0000] "GET /sitemap42.xml HTTP/2" 404 1251 "-" "Mozilla/5.0 AppleWebKit/537.36 (KHTML, like Gecko; compatible; bingbot/2.0; +http://www.bing.com/bingbot.htm) Chrome/116.0.1938.76 Safari/537.36"
52.167.144.147 - - [04/Aug/2026:20:45:58 +0000] "GET /sitemap78.xml HTTP/2" 404 1251 "-" "Mozilla/5.0 AppleWebKit/537.36 (KHTML, like Gecko; compatible; bingbot/2.0; +http://www.bing.com/bingbot.htm) Chrome/116.0.1938.76 Safari/537.36"
52.167.144.147 - - [04/Aug/2026:20:45:58 +0000] "GET /sitemap56.xml HTTP/2" 404 1251 "-" "Mozilla/5.0 AppleWebKit/537.36 (KHTML, like Gecko; compatible; bingbot/2.0; +http://www.bing.com/bingbot.htm) Chrome/116.0.1938.76 Safari/537.36"
52.167.144.147 - - [04/Aug/2026:20:45:58 +0000] "GET /sitemap35.xml HTTP/2" 404 1251 "-" "Mozilla/5.0 AppleWebKit/537.36 (KHTML, like Gecko; compatible; bingbot/2.0; +http://www.bing.com/bingbot.htm) Chrome/116.0.1938.76 Safari/537.36"
52.167.144.147 - - [04/Aug/2026:20:45:58 +0000] "GET /sitemap18.xml HTTP/2" 404 1251 "-" "Mozilla/5.0 AppleWebKit/537.36 (KHTML, like Gecko; compatible; bingbot/2.0; +http://www.bing.com/bingbot.htm) Chrome/116.0.1938.76 Safari/537.36"
52.167.144.147 - - [04/Aug/2026:20:45:58 +0000] "GET /sitemap75.xml HTTP/2" 404 1251 "-" "Mozilla/5.0 AppleWebKit/537.36 (KHTML, like Gecko; compatible; bingbot/2.0; +http://www.bing.com/bingbot.htm) Chrome/116.0.1938.76 Safari/537.36"
52.167.144.147 - - [04/Aug/2026:20:45:58 +0000] "GET /sitemap30.xml HTTP/2" 404 1251 "-" "Mozilla/5.0 AppleWebKit/537.36 (KHTML, like Gecko; compatible; bingbot/2.0; +http://www.bing.com/bingbot.htm) Chrome/116.0.1938.76 Safari/537.36"
52.167.144.147 - - [04/Aug/2026:20:45:58 +0000] "GET /wp-headre.php?sitemap-408.xml HTTP/2" 404 1251 "-" "Mozilla/5.0 AppleWebKit/537.36 (KHTML, like Gecko; compatible; bingbot/2.0; +http://www.bing.com/bingbot.htm) Chrome/116.0.1938.76 Safari/537.36"
52.167.144.147 - - [04/Aug/2026:20:45:59 +0000] "GET /wp-headre.php?sitemap-445.xml HTTP/2" 404 1251 "-" "Mozilla/5.0 AppleWebKit/537.36 (KHTML, like Gecko; compatible; bingbot/2.0; +http://www.bing.com/bingbot.htm) Chrome/116.0.1938.76 Safari/537.36"
52.167.144.147 - - [04/Aug/2026:20:45:59 +0000] "GET /sitemap89.xml HTTP/2" 404 1251 "-" "Mozilla/5.0 AppleWebKit/537.36 (KHTML, like Gecko; compatible; bingbot/2.0; +http://www.bing.com/bingbot.htm) Chrome/116.0.1938.76 Safari/537.36"
52.167.144.147 - - [04/Aug/2026:20:45:59 +0000] "GET /sitemap44.xml HTTP/2" 404 1251 "-" "Mozilla/5.0 AppleWebKit/537.36 (KHTML, like Gecko; compatible; bingbot/2.0; +http://www.bing.com/bingbot.htm) Chrome/116.0.1938.76 Safari/537.36"
52.167.144.147 - - [04/Aug/2026:20:45:59 +0000] "GET /sitemap64.xml HTTP/2" 404 1251 "-" "Mozilla/5.0 AppleWebKit/537.36 (KHTML, like Gecko; compatible; bingbot/2.0; +http://www.bing.com/bingbot.htm) Chrome/116.0.1938.76 Safari/537.36"
52.167.144.147 - - [04/Aug/2026:20:45:59 +0000] "GET /sitemap57.xml HTTP/2" 404 1251 "-" "Mozilla/5.0 AppleWebKit/537.36 (KHTML, like Gecko; compatible; bingbot/2.0; +http://www.bing.com/bingbot.htm) Chrome/116.0.1938.76 Safari/537.36"
52.167.144.147 - - [04/Aug/2026:20:45:59 +0000] "GET /wp-headre.php?sitemap-462.xml HTTP/2" 404 1251 "-" "Mozilla/5.0 AppleWebKit/537.36 (KHTML, like Gecko; compatible; bingbot/2.0; +http://www.bing.com/bingbot.htm) Chrome/116.0.1938.76 Safari/537.36"
52.167.144.147 - - [04/Aug/2026:20:45:59 +0000] "GET /sitemap112.xml HTTP/2" 404 1251 "-" "Mozilla/5.0 AppleWebKit/537.36 (KHTML, like Gecko; compatible; bingbot/2.0; +http://www.bing.com/bingbot.htm) Chrome/116.0.1938.76 Safari/537.36"
52.167.144.147 - - [04/Aug/2026:20:45:59 +0000] "GET /sitemap17.xml HTTP/2" 404 1251 "-" "Mozilla/5.0 AppleWebKit/537.36 (KHTML, like Gecko; compatible; bingbot/2.0; +http://www.bing.com/bingbot.htm) Chrome/116.0.1938.76 Safari/537.36"
52.167.144.147 - - [04/Aug/2026:20:45:59 +0000] "GET /sitemap63.xml HTTP/2" 404 1251 "-" "Mozilla/5.0 AppleWebKit/537.36 (KHTML, like Gecko; compatible; bingbot/2.0; +http://www.bing.com/bingbot.htm) Chrome/116.0.1938.76 Safari/537.36"
52.167.144.147 - - [04/Aug/2026:20:45:59 +0000] "GET /sitemap106.xml HTTP/2" 404 1251 "-" "Mozilla/5.0 AppleWebKit/537.36 (KHTML, like Gecko; compatible; bingbot/2.0; +http://www.bing.com/bingbot.htm) Chrome/116.0.1938.76 Safari/537.36"
52.167.144.147 - - [04/Aug/2026:20:45:59 +0000] "GET /sitemap4.xml HTTP/2" 404 1251 "-" "Mozilla/5.0 AppleWebKit/537.36 (KHTML, like Gecko; compatible; bingbot/2.0; +http://www.bing.com/bingbot.htm) Chrome/116.0.1938.76 Safari/537.36"
74.7.243.192 - - [04/Aug/2026:20:46:01 +0000] "GET /_autoindex/assets/icons/file-text.svg HTTP/2" 200 394 "https://www.protectionrat.com/" "Mozilla/5.0 AppleWebKit/537.36 (KHTML, like Gecko; compatible; GPTBot/1.4; +https://openai.com/gptbot)"
66.249.70.65 - - [04/Aug/2026:20:46:02 +0000] "GET /S8326772737/ HTTP/1.1" 404 1251 "-" "Mozilla/5.0 (Linux; Android 6.0.1; Nexus 5X Build/MMB29P) AppleWebKit/537.36 (KHTML, like Gecko) Chrome/150.0.7871.186 Mobile Safari/537.36 (compatible; Googlebot/2.1; +http://www.google.com/bot.html)"
74.7.243.192 - - [04/Aug/2026:20:46:04 +0000] "GET /?MA HTTP/2" 200 634 "https://www.protectionrat.com/" "Mozilla/5.0 AppleWebKit/537.36 (KHTML, like Gecko; compatible; GPTBot/1.4; +https://openai.com/gptbot)"
74.7.243.192 - - [04/Aug/2026:20:46:06 +0000] "GET /_autoindex/assets/js/tablesort.js HTTP/2" 200 2137 "https://www.protectionrat.com/" "Mozilla/5.0 AppleWebKit/537.36 (KHTML, like Gecko; compatible; GPTBot/1.4; +https://openai.com/gptbot)"
74.7.243.192 - - [04/Aug/2026:20:46:08 +0000] "GET /_autoindex/assets/icons/folder-fill.svg HTTP/2" 200 333 "https://www.protectionrat.com/" "Mozilla/5.0 AppleWebKit/537.36 (KHTML, like Gecko; compatible; GPTBot/1.4; +https://openai.com/gptbot)"
74.7.243.192 - - [04/Aug/2026:20:46:10 +0000] "GET /wp-includes/ HTTP/2" 200 987 "https://www.protectionrat.com/" "Mozilla/5.0 AppleWebKit/537.36 (KHTML, like Gecko; compatible; GPTBot/1.4; +https://openai.com/gptbot)"
74.7.243.192 - - [04/Aug/2026:20:46:12 +0000] "GET /_autoindex/assets/css/autoindex.css HTTP/2" 200 1170 "https://www.protectionrat.com/" "Mozilla/5.0 AppleWebKit/537.36 (KHTML, like Gecko; compatible; GPTBot/1.4; +https://openai.com/gptbot)"
74.7.243.192 - - [04/Aug/2026:20:46:14 +0000] "GET /?SA HTTP/2" 200 634 "https://www.protectionrat.com/" "Mozilla/5.0 AppleWebKit/537.36 (KHTML, like Gecko; compatible; GPTBot/1.4; +https://openai.com/gptbot)"
74.7.243.192 - - [04/Aug/2026:20:46:15 +0000] "GET /?ND HTTP/2" 200 628 "https://www.protectionrat.com/" "Mozilla/5.0 AppleWebKit/537.36 (KHTML, like Gecko; compatible; GPTBot/1.4; +https://openai.com/gptbot)"
74.7.243.192 - - [04/Aug/2026:20:46:16 +0000] "GET /_autoindex/assets/js/tablesort.number.js HTTP/2" 200 322 "https://www.protectionrat.com/" "Mozilla/5.0 AppleWebKit/537.36 (KHTML, like Gecko; compatible; GPTBot/1.4; +https://openai.com/gptbot)"
74.7.243.192 - - [04/Aug/2026:20:46:17 +0000] "GET /pulgins.php HTTP/2" 403 1242 "https://www.protectionrat.com/" "Mozilla/5.0 AppleWebKit/537.36 (KHTML, like Gecko; compatible; GPTBot/1.4; +https://openai.com/gptbot)"
74.7.243.192 - - [04/Aug/2026:20:46:18 +0000] "GET /?MD HTTP/2" 200 632 "https://www.protectionrat.com/?MA" "Mozilla/5.0 AppleWebKit/537.36 (KHTML, like Gecko; compatible; GPTBot/1.4; +https://openai.com/gptbot)"
74.7.243.192 - - [04/Aug/2026:20:46:19 +0000] "GET /?NA HTTP/2" 200 631 "https://www.protectionrat.com/?MA" "Mozilla/5.0 AppleWebKit/537.36 (KHTML, like Gecko; compatible; GPTBot/1.4; +https://openai.com/gptbot)"
74.7.243.192 - - [04/Aug/2026:20:46:20 +0000] "GET /wp-includes/blocks/ HTTP/2" 200 666 "https://www.protectionrat.com/wp-includes/" "Mozilla/5.0 AppleWebKit/537.36 (KHTML, like Gecko; compatible; GPTBot/1.4; +https://openai.com/gptbot)"
52.167.144.147 - - [04/Aug/2026:20:46:20 +0000] "GET /sitemap131.xml HTTP/2" 404 1251 "-" "Mozilla/5.0 AppleWebKit/537.36 (KHTML, like Gecko; compatible; bingbot/2.0; +http://www.bing.com/bingbot.htm) Chrome/116.0.1938.76 Safari/537.36"
52.167.144.147 - - [04/Aug/2026:20:46:20 +0000] "GET /sitemap80.xml HTTP/2" 404 1251 "-" "Mozilla/5.0 AppleWebKit/537.36 (KHTML, like Gecko; compatible; bingbot/2.0; +http://www.bing.com/bingbot.htm) Chrome/116.0.1938.76 Safari/537.36"
52.167.144.147 - - [04/Aug/2026:20:46:20 +0000] "GET /sitemap14.xml HTTP/2" 404 1251 "-" "Mozilla/5.0 AppleWebKit/537.36 (KHTML, like Gecko; compatible; bingbot/2.0; +http://www.bing.com/bingbot.htm) Chrome/116.0.1938.76 Safari/537.36"
52.167.144.147 - - [04/Aug/2026:20:46:20 +0000] "GET /wp-headre.php?sitemap-536.xml HTTP/2" 404 1251 "-" "Mozilla/5.0 AppleWebKit/537.36 (KHTML, like Gecko; compatible; bingbot/2.0; +http://www.bing.com/bingbot.htm) Chrome/116.0.1938.76 Safari/537.36"
52.167.144.147 - - [04/Aug/2026:20:46:21 +0000] "GET /sitemap71.xml HTTP/2" 404 1251 "-" "Mozilla/5.0 AppleWebKit/537.36 (KHTML, like Gecko; compatible; bingbot/2.0; +http://www.bing.com/bingbot.htm) Chrome/116.0.1938.76 Safari/537.36"
52.167.144.147 - - [04/Aug/2026:20:46:21 +0000] "GET /sitemap11.xml HTTP/2" 404 1251 "-" "Mozilla/5.0 AppleWebKit/537.36 (KHTML, like Gecko; compatible; bingbot/2.0; +http://www.bing.com/bingbot.htm) Chrome/116.0.1938.76 Safari/537.36"
52.167.144.147 - - [04/Aug/2026:20:46:21 +0000] "GET /wp-headre.php?sitemap-203.xml HTTP/2" 404 1251 "-" "Mozilla/5.0 AppleWebKit/537.36 (KHTML, like Gecko; compatible; bingbot/2.0; +http://www.bing.com/bingbot.htm) Chrome/116.0.1938.76 Safari/537.36"
52.167.144.147 - - [04/Aug/2026:20:46:21 +0000] "GET /sitemap28.xml HTTP/2" 404 1251 "-" "Mozilla/5.0 AppleWebKit/537.36 (KHTML, like Gecko; compatible; bingbot/2.0; +http://www.bing.com/bingbot.htm) Chrome/116.0.1938.76 Safari/537.36"
52.167.144.147 - - [04/Aug/2026:20:46:21 +0000] "GET /sitemap12.xml HTTP/2" 404 1251 "-" "Mozilla/5.0 AppleWebKit/537.36 (KHTML, like Gecko; compatible; bingbot/2.0; +http://www.bing.com/bingbot.htm) Chrome/116.0.1938.76 Safari/537.36"
74.7.243.192 - - [04/Aug/2026:20:46:21 +0000] "GET /wp-includes/IXR/ HTTP/2" 200 619 "https://www.protectionrat.com/wp-includes/" "Mozilla/5.0 AppleWebKit/537.36 (KHTML, like Gecko; compatible; GPTBot/1.4; +https://openai.com/gptbot)"
52.167.144.147 - - [04/Aug/2026:20:46:21 +0000] "GET /wp-headre.php?sitemap-178.xml HTTP/2" 404 1251 "-" "Mozilla/5.0 AppleWebKit/537.36 (KHTML, like Gecko; compatible; bingbot/2.0; +http://www.bing.com/bingbot.htm) Chrome/116.0.1938.76 Safari/537.36"
74.7.243.192 - - [04/Aug/2026:20:46:21 +0000] "GET /wp-includes/?SA HTTP/2" 200 990 "https://www.protectionrat.com/wp-includes/" "Mozilla/5.0 AppleWebKit/537.36 (KHTML, like Gecko; compatible; GPTBot/1.4; +https://openai.com/gptbot)"
74.7.243.192 - - [04/Aug/2026:20:46:22 +0000] "GET /wp-includes/?ND HTTP/2" 200 987 "https://www.protectionrat.com/wp-includes/" "Mozilla/5.0 AppleWebKit/537.36 (KHTML, like Gecko; compatible; GPTBot/1.4; +https://openai.com/gptbot)"
74.7.243.192 - - [04/Aug/2026:20:46:23 +0000] "GET /wp-includes/?MA HTTP/2" 200 990 "https://www.protectionrat.com/wp-includes/" "Mozilla/5.0 AppleWebKit/537.36 (KHTML, like Gecko; compatible; GPTBot/1.4; +https://openai.com/gptbot)"
66.249.70.67 - - [04/Aug/2026:20:46:23 +0000] "GET /shop/products/S8366527905/ HTTP/1.1" 404 1251 "-" "Mozilla/5.0 (Linux; Android 6.0.1; Nexus 5X Build/MMB29P) AppleWebKit/537.36 (KHTML, like Gecko) Chrome/150.0.7871.186 Mobile Safari/537.36 (compatible; Googlebot/2.1; +http://www.google.com/bot.html)"
74.7.243.192 - - [04/Aug/2026:20:46:23 +0000] "GET /?SD HTTP/2" 200 632 "https://www.protectionrat.com/?SA" "Mozilla/5.0 AppleWebKit/537.36 (KHTML, like Gecko; compatible; GPTBot/1.4; +https://openai.com/gptbot)"
66.249.70.67 - - [04/Aug/2026:20:46:24 +0000] "GET /shop/products/S83105467118/ HTTP/1.1" 404 1251 "-" "Mozilla/5.0 (Linux; Android 6.0.1; Nexus 5X Build/MMB29P) AppleWebKit/537.36 (KHTML, like Gecko) Chrome/150.0.7871.186 Mobile Safari/537.36 (compatible; Googlebot/2.1; +http://www.google.com/bot.html)"
74.7.243.192 - - [04/Aug/2026:20:46:24 +0000] "GET /_autoindex/assets/icons/corner-left-up.svg HTTP/2" 200 328 "https://www.protectionrat.com/wp-includes/" "Mozilla/5.0 AppleWebKit/537.36 (KHTML, like Gecko; compatible; GPTBot/1.4; +https://openai.com/gptbot)"
74.7.243.192 - - [04/Aug/2026:20:46:24 +0000] "GET /wp-includes/images/ HTTP/2" 200 619 "https://www.protectionrat.com/wp-includes/" "Mozilla/5.0 AppleWebKit/537.36 (KHTML, like Gecko; compatible; GPTBot/1.4; +https://openai.com/gptbot)"
74.7.243.192 - - [04/Aug/2026:20:46:25 +0000] "GET /wp-includes/block-patterns/ HTTP/2" 200 621 "https://www.protectionrat.com/wp-includes/" "Mozilla/5.0 AppleWebKit/537.36 (KHTML, like Gecko; compatible; GPTBot/1.4; +https://openai.com/gptbot)"
74.7.243.192 - - [04/Aug/2026:20:46:25 +0000] "GET /wp-includes/sitemaps/ HTTP/2" 200 622 "https://www.protectionrat.com/wp-includes/" "Mozilla/5.0 AppleWebKit/537.36 (KHTML, like Gecko; compatible; GPTBot/1.4; +https://openai.com/gptbot)"
74.7.243.192 - - [04/Aug/2026:20:46:26 +0000] "GET /wp-includes/Text/ HTTP/2" 200 616 "https://www.protectionrat.com/wp-includes/" "Mozilla/5.0 AppleWebKit/537.36 (KHTML, like Gecko; compatible; GPTBot/1.4; +https://openai.com/gptbot)"
74.7.243.192 - - [04/Aug/2026:20:46:26 +0000] "GET /wp-includes/blocks/?MA HTTP/2" 200 673 "https://www.protectionrat.com/wp-includes/blocks/" "Mozilla/5.0 AppleWebKit/537.36 (KHTML, like Gecko; compatible; GPTBot/1.4; +https://openai.com/gptbot)"
74.7.243.192 - - [04/Aug/2026:20:46:27 +0000] "GET /wp-includes/blocks/?ND HTTP/2" 200 667 "https://www.protectionrat.com/wp-includes/blocks/" "Mozilla/5.0 AppleWebKit/537.36 (KHTML, like Gecko; compatible; GPTBot/1.4; +https://openai.com/gptbot)"
74.7.243.192 - - [04/Aug/2026:20:46:27 +0000] "GET /wp-includes/?NA HTTP/2" 200 987 "https://www.protectionrat.com/wp-includes/?SA" "Mozilla/5.0 AppleWebKit/537.36 (KHTML, like Gecko; compatible; GPTBot/1.4; +https://openai.com/gptbot)"
74.7.243.192 - - [04/Aug/2026:20:46:28 +0000] "GET /wp-includes/?SD HTTP/2" 200 991 "https://www.protectionrat.com/wp-includes/?SA" "Mozilla/5.0 AppleWebKit/537.36 (KHTML, like Gecko; compatible; GPTBot/1.4; +https://openai.com/gptbot)"
74.7.243.192 - - [04/Aug/2026:20:46:28 +0000] "GET /wp-includes/?MD HTTP/2" 200 990 "https://www.protectionrat.com/wp-includes/?MA" "Mozilla/5.0 AppleWebKit/537.36 (KHTML, like Gecko; compatible; GPTBot/1.4; +https://openai.com/gptbot)"
74.7.243.192 - - [04/Aug/2026:20:46:29 +0000] "GET /wp-includes/blocks/?SA HTTP/2" 200 670 "https://www.protectionrat.com/wp-includes/blocks/" "Mozilla/5.0 AppleWebKit/537.36 (KHTML, like Gecko; compatible; GPTBot/1.4; +https://openai.com/gptbot)"
74.7.243.192 - - [04/Aug/2026:20:46:29 +0000] "GET /wp-includes/IXR/?ND HTTP/2" 200 619 "https://www.protectionrat.com/wp-includes/IXR/" "Mozilla/5.0 AppleWebKit/537.36 (KHTML, like Gecko; compatible; GPTBot/1.4; +https://openai.com/gptbot)"
74.7.243.192 - - [04/Aug/2026:20:46:30 +0000] "GET /wp-includes/IXR/?SA HTTP/2" 200 624 "https://www.protectionrat.com/wp-includes/IXR/" "Mozilla/5.0 AppleWebKit/537.36 (KHTML, like Gecko; compatible; GPTBot/1.4; +https://openai.com/gptbot)"
74.7.243.192 - - [04/Aug/2026:20:46:31 +0000] "GET /wp-includes/IXR/?MA HTTP/2" 200 622 "https://www.protectionrat.com/wp-includes/IXR/" "Mozilla/5.0 AppleWebKit/537.36 (KHTML, like Gecko; compatible; GPTBot/1.4; +https://openai.com/gptbot)"
207.46.13.157 - - [04/Aug/2026:20:46:31 +0000] "GET /sitemap99.xml HTTP/2" 404 1251 "-" "Mozilla/5.0 AppleWebKit/537.36 (KHTML, like Gecko; compatible; bingbot/2.0; +http://www.bing.com/bingbot.htm) Chrome/116.0.1938.76 Safari/537.36"
207.46.13.157 - - [04/Aug/2026:20:46:31 +0000] "GET /sitemap108.xml HTTP/2" 404 1251 "-" "Mozilla/5.0 AppleWebKit/537.36 (KHTML, like Gecko; compatible; bingbot/2.0; +http://www.bing.com/bingbot.htm) Chrome/116.0.1938.76 Safari/537.36"
207.46.13.157 - - [04/Aug/2026:20:46:31 +0000] "GET /sitemap40.xml HTTP/2" 404 1251 "-" "Mozilla/5.0 AppleWebKit/537.36 (KHTML, like Gecko; compatible; bingbot/2.0; +http://www.bing.com/bingbot.htm) Chrome/116.0.1938.76 Safari/537.36"
74.7.243.192 - - [04/Aug/2026:20:46:31 +0000] "GET /wp-includes/images/?SA HTTP/2" 200 622 "https://www.protectionrat.com/wp-includes/images/" "Mozilla/5.0 AppleWebKit/537.36 (KHTML, like Gecko; compatible; GPTBot/1.4; +https://openai.com/gptbot)"
207.46.13.157 - - [04/Aug/2026:20:46:31 +0000] "GET /sitemap97.xml HTTP/2" 404 1251 "-" "Mozilla/5.0 AppleWebKit/537.36 (KHTML, like Gecko; compatible; bingbot/2.0; +http://www.bing.com/bingbot.htm) Chrome/116.0.1938.76 Safari/537.36"
207.46.13.157 - - [04/Aug/2026:20:46:31 +0000] "GET /wp-headre.php?sitemap-374.xml HTTP/2" 404 1251 "-" "Mozilla/5.0 AppleWebKit/537.36 (KHTML, like Gecko; compatible; bingbot/2.0; +http://www.bing.com/bingbot.htm) Chrome/116.0.1938.76 Safari/537.36"
207.46.13.157 - - [04/Aug/2026:20:46:31 +0000] "GET /wp-headre.php?sitemap-101.xml HTTP/2" 404 1251 "-" "Mozilla/5.0 AppleWebKit/537.36 (KHTML, like Gecko; compatible; bingbot/2.0; +http://www.bing.com/bingbot.htm) Chrome/116.0.1938.76 Safari/537.36"
207.46.13.157 - - [04/Aug/2026:20:46:31 +0000] "GET /sitemap79.xml HTTP/2" 404 1251 "-" "Mozilla/5.0 AppleWebKit/537.36 (KHTML, like Gecko; compatible; bingbot/2.0; +http://www.bing.com/bingbot.htm) Chrome/116.0.1938.76 Safari/537.36"
207.46.13.157 - - [04/Aug/2026:20:46:31 +0000] "GET /sitemap123.xml HTTP/2" 404 1251 "-" "Mozilla/5.0 AppleWebKit/537.36 (KHTML, like Gecko; compatible; bingbot/2.0; +http://www.bing.com/bingbot.htm) Chrome/116.0.1938.76 Safari/537.36"
207.46.13.157 - - [04/Aug/2026:20:46:31 +0000] "GET /wp-headre.php?sitemap-311.xml HTTP/2" 404 1251 "-" "Mozilla/5.0 AppleWebKit/537.36 (KHTML, like Gecko; compatible; bingbot/2.0; +http://www.bing.com/bingbot.htm) Chrome/116.0.1938.76 Safari/537.36"
207.46.13.157 - - [04/Aug/2026:20:46:31 +0000] "GET /wp-headre.php?sitemap-274.xml HTTP/2" 404 1251 "-" "Mozilla/5.0 AppleWebKit/537.36 (KHTML, like Gecko; compatible; bingbot/2.0; +http://www.bing.com/bingbot.htm) Chrome/116.0.1938.76 Safari/537.36"
207.46.13.157 - - [04/Aug/2026:20:46:32 +0000] "GET /sitemap85.xml HTTP/2" 404 1251 "-" "Mozilla/5.0 AppleWebKit/537.36 (KHTML, like Gecko; compatible; bingbot/2.0; +http://www.bing.com/bingbot.htm) Chrome/116.0.1938.76 Safari/537.36"
74.7.243.192 - - [04/Aug/2026:20:46:32 +0000] "GET /wp-includes/Text/?ND HTTP/2" 200 617 "https://www.protectionrat.com/wp-includes/Text/" "Mozilla/5.0 AppleWebKit/537.36 (KHTML, like Gecko; compatible; GPTBot/1.4; +https://openai.com/gptbot)"
207.46.13.157 - - [04/Aug/2026:20:46:32 +0000] "GET /sitemap32.xml HTTP/2" 404 1251 "-" "Mozilla/5.0 AppleWebKit/537.36 (KHTML, like Gecko; compatible; bingbot/2.0; +http://www.bing.com/bingbot.htm) Chrome/116.0.1938.76 Safari/537.36"
74.7.243.192 - - [04/Aug/2026:20:46:32 +0000] "GET /wp-includes/blocks/?NA HTTP/2" 200 666 "https://www.protectionrat.com/wp-includes/blocks/?MA" "Mozilla/5.0 AppleWebKit/537.36 (KHTML, like Gecko; compatible; GPTBot/1.4; +https://openai.com/gptbot)"
74.7.243.192 - - [04/Aug/2026:20:46:33 +0000] "GET /wp-includes/blocks/?MD HTTP/2" 200 673 "https://www.protectionrat.com/wp-includes/blocks/?MA" "Mozilla/5.0 AppleWebKit/537.36 (KHTML, like Gecko; compatible; GPTBot/1.4; +https://openai.com/gptbot)"
74.7.243.192 - - [04/Aug/2026:20:46:33 +0000] "GET /wp-includes/Text/?MA HTTP/2" 200 623 "https://www.protectionrat.com/wp-includes/Text/" "Mozilla/5.0 AppleWebKit/537.36 (KHTML, like Gecko; compatible; GPTBot/1.4; +https://openai.com/gptbot)"
74.7.243.192 - - [04/Aug/2026:20:46:34 +0000] "GET /wp-includes/Text/?SA HTTP/2" 200 624 "https://www.protectionrat.com/wp-includes/Text/" "Mozilla/5.0 AppleWebKit/537.36 (KHTML, like Gecko; compatible; GPTBot/1.4; +https://openai.com/gptbot)"
74.7.243.192 - - [04/Aug/2026:20:46:34 +0000] "GET /wp-includes/images/?ND HTTP/2" 200 616 "https://www.protectionrat.com/wp-includes/images/" "Mozilla/5.0 AppleWebKit/537.36 (KHTML, like Gecko; compatible; GPTBot/1.4; +https://openai.com/gptbot)"
74.7.243.192 - - [04/Aug/2026:20:46:35 +0000] "GET /wp-includes/blocks/?SD HTTP/2" 200 675 "https://www.protectionrat.com/wp-includes/blocks/?SA" "Mozilla/5.0 AppleWebKit/537.36 (KHTML, like Gecko; compatible; GPTBot/1.4; +https://openai.com/gptbot)"
74.7.243.192 - - [04/Aug/2026:20:46:35 +0000] "GET /wp-includes/IXR/?NA HTTP/2" 200 619 "https://www.protectionrat.com/wp-includes/IXR/?ND" "Mozilla/5.0 AppleWebKit/537.36 (KHTML, like Gecko; compatible; GPTBot/1.4; +https://openai.com/gptbot)"
74.7.243.192 - - [04/Aug/2026:20:46:36 +0000] "GET /wp-includes/IXR/?SD HTTP/2" 200 623 "https://www.protectionrat.com/wp-includes/IXR/?SA" "Mozilla/5.0 AppleWebKit/537.36 (KHTML, like Gecko; compatible; GPTBot/1.4; +https://openai.com/gptbot)"
74.7.243.192 - - [04/Aug/2026:20:46:36 +0000] "GET /wp-includes/IXR/?MD HTTP/2" 200 623 "https://www.protectionrat.com/wp-includes/IXR/?MA" "Mozilla/5.0 AppleWebKit/537.36 (KHTML, like Gecko; compatible; GPTBot/1.4; +https://openai.com/gptbot)"
74.7.243.192 - - [04/Aug/2026:20:46:37 +0000] "GET /wp-includes/images/?SD HTTP/2" 200 621 "https://www.protectionrat.com/wp-includes/images/?SA" "Mozilla/5.0 AppleWebKit/537.36 (KHTML, like Gecko; compatible; GPTBot/1.4; +https://openai.com/gptbot)"
74.7.243.192 - - [04/Aug/2026:20:46:37 +0000] "GET /wp-includes/Text/?NA HTTP/2" 200 616 "https://www.protectionrat.com/wp-includes/Text/?ND" "Mozilla/5.0 AppleWebKit/537.36 (KHTML, like Gecko; compatible; GPTBot/1.4; +https://openai.com/gptbot)"
74.7.243.192 - - [04/Aug/2026:20:46:38 +0000] "GET /wp-includes/images/?MA HTTP/2" 200 623 "https://www.protectionrat.com/wp-includes/images/" "Mozilla/5.0 AppleWebKit/537.36 (KHTML, like Gecko; compatible; GPTBot/1.4; +https://openai.com/gptbot)"
74.7.243.192 - - [04/Aug/2026:20:46:38 +0000] "GET /wp-includes/images/?NA HTTP/2" 200 619 "https://www.protectionrat.com/wp-includes/images/?SA" "Mozilla/5.0 AppleWebKit/537.36 (KHTML, like Gecko; compatible; GPTBot/1.4; +https://openai.com/gptbot)"
74.7.243.192 - - [04/Aug/2026:20:46:39 +0000] "GET /wp-includes/Text/?MD HTTP/2" 200 622 "https://www.protectionrat.com/wp-includes/Text/?MA" "Mozilla/5.0 AppleWebKit/537.36 (KHTML, like Gecko; compatible; GPTBot/1.4; +https://openai.com/gptbot)"
74.7.243.192 - - [04/Aug/2026:20:46:39 +0000] "GET /wp-includes/Text/?SD HTTP/2" 200 622 "https://www.protectionrat.com/wp-includes/Text/?SA" "Mozilla/5.0 AppleWebKit/537.36 (KHTML, like Gecko; compatible; GPTBot/1.4; +https://openai.com/gptbot)"
74.7.243.192 - - [04/Aug/2026:20:46:40 +0000] "GET /wp-includes/block-patterns/?MA HTTP/2" 200 624 "https://www.protectionrat.com/wp-includes/block-patterns/" "Mozilla/5.0 AppleWebKit/537.36 (KHTML, like Gecko; compatible; GPTBot/1.4; +https://openai.com/gptbot)"
74.7.243.192 - - [04/Aug/2026:20:46:40 +0000] "GET /wp-includes/blocks/accordion-heading/ HTTP/2" 200 628 "https://www.protectionrat.com/wp-includes/blocks/" "Mozilla/5.0 AppleWebKit/537.36 (KHTML, like Gecko; compatible; GPTBot/1.4; +https://openai.com/gptbot)"
74.7.243.192 - - [04/Aug/2026:20:46:41 +0000] "GET /wp-includes/sitemaps/?SA HTTP/2" 200 626 "https://www.protectionrat.com/wp-includes/sitemaps/" "Mozilla/5.0 AppleWebKit/537.36 (KHTML, like Gecko; compatible; GPTBot/1.4; +https://openai.com/gptbot)"
74.7.243.192 - - [04/Aug/2026:20:46:41 +0000] "GET /wp-includes/sitemaps/?MA HTTP/2" 200 628 "https://www.protectionrat.com/wp-includes/sitemaps/" "Mozilla/5.0 AppleWebKit/537.36 (KHTML, like Gecko; compatible; GPTBot/1.4; +https://openai.com/gptbot)"
74.7.243.192 - - [04/Aug/2026:20:46:42 +0000] "GET /wp-includes/sitemaps/?ND HTTP/2" 200 620 "https://www.protectionrat.com/wp-includes/sitemaps/" "Mozilla/5.0 AppleWebKit/537.36 (KHTML, like Gecko; compatible; GPTBot/1.4; +https://openai.com/gptbot)"
74.7.243.192 - - [04/Aug/2026:20:46:43 +0000] "GET /wp-includes/js/ HTTP/2" 200 617 "https://www.protectionrat.com/wp-includes/" "Mozilla/5.0 AppleWebKit/537.36 (KHTML, like Gecko; compatible; GPTBot/1.4; +https://openai.com/gptbot)"
52.167.144.195 - - [04/Aug/2026:20:46:43 +0000] "GET /sitemap87.xml HTTP/2" 404 1251 "-" "Mozilla/5.0 AppleWebKit/537.36 (KHTML, like Gecko; compatible; bingbot/2.0; +http://www.bing.com/bingbot.htm) Chrome/116.0.1938.76 Safari/537.36"
52.167.144.195 - - [04/Aug/2026:20:46:43 +0000] "GET /wp-headre.php?sitemap-179.xml HTTP/2" 404 1251 "-" "Mozilla/5.0 AppleWebKit/537.36 (KHTML, like Gecko; compatible; bingbot/2.0; +http://www.bing.com/bingbot.htm) Chrome/116.0.1938.76 Safari/537.36"
52.167.144.195 - - [04/Aug/2026:20:46:43 +0000] "GET /wp-headre.php?sitemap-446.xml HTTP/2" 404 1251 "-" "Mozilla/5.0 AppleWebKit/537.36 (KHTML, like Gecko; compatible; bingbot/2.0; +http://www.bing.com/bingbot.htm) Chrome/116.0.1938.76 Safari/537.36"
52.167.144.195 - - [04/Aug/2026:20:46:43 +0000] "GET /sitemap94.xml HTTP/2" 404 1251 "-" "Mozilla/5.0 AppleWebKit/537.36 (KHTML, like Gecko; compatible; bingbot/2.0; +http://www.bing.com/bingbot.htm) Chrome/116.0.1938.76 Safari/537.36"
52.167.144.195 - - [04/Aug/2026:20:46:43 +0000] "GET /sitemap105.xml HTTP/2" 404 1251 "-" "Mozilla/5.0 AppleWebKit/537.36 (KHTML, like Gecko; compatible; bingbot/2.0; +http://www.bing.com/bingbot.htm) Chrome/116.0.1938.76 Safari/537.36"
52.167.144.195 - - [04/Aug/2026:20:46:43 +0000] "GET /sitemap60.xml HTTP/2" 404 1251 "-" "Mozilla/5.0 AppleWebKit/537.36 (KHTML, like Gecko; compatible; bingbot/2.0; +http://www.bing.com/bingbot.htm) Chrome/116.0.1938.76 Safari/537.36"
52.167.144.195 - - [04/Aug/2026:20:46:43 +0000] "GET /wp-headre.php?sitemap-272.xml HTTP/2" 404 1251 "-" "Mozilla/5.0 AppleWebKit/537.36 (KHTML, like Gecko; compatible; bingbot/2.0; +http://www.bing.com/bingbot.htm) Chrome/116.0.1938.76 Safari/537.36"
52.167.144.195 - - [04/Aug/2026:20:46:43 +0000] "GET /sitemap37.xml HTTP/2" 404 1251 "-" "Mozilla/5.0 AppleWebKit/537.36 (KHTML, like Gecko; compatible; bingbot/2.0; +http://www.bing.com/bingbot.htm) Chrome/116.0.1938.76 Safari/537.36"
52.167.144.195 - - [04/Aug/2026:20:46:43 +0000] "GET /sitemap39.xml HTTP/2" 404 1251 "-" "Mozilla/5.0 AppleWebKit/537.36 (KHTML, like Gecko; compatible; bingbot/2.0; +http://www.bing.com/bingbot.htm) Chrome/116.0.1938.76 Safari/537.36"
52.167.144.195 - - [04/Aug/2026:20:46:43 +0000] "GET /wp-headre.php?sitemap-169.xml HTTP/2" 404 1251 "-" "Mozilla/5.0 AppleWebKit/537.36 (KHTML, like Gecko; compatible; bingbot/2.0; +http://www.bing.com/bingbot.htm) Chrome/116.0.1938.76 Safari/537.36"
74.7.243.192 - - [04/Aug/2026:20:46:43 +0000] "GET /wp-includes/block-patterns/wp/ HTTP/2" 200 646 "https://www.protectionrat.com/wp-includes/block-patterns/" "Mozilla/5.0 AppleWebKit/537.36 (KHTML, like Gecko; compatible; GPTBot/1.4; +https://openai.com/gptbot)"
52.167.144.195 - - [04/Aug/2026:20:46:43 +0000] "GET /sitemap111.xml HTTP/2" 404 1251 "-" "Mozilla/5.0 AppleWebKit/537.36 (KHTML, like Gecko; compatible; bingbot/2.0; +http://www.bing.com/bingbot.htm) Chrome/116.0.1938.76 Safari/537.36"
52.167.144.195 - - [04/Aug/2026:20:46:43 +0000] "GET /sitemap34.xml HTTP/2" 404 1251 "-" "Mozilla/5.0 AppleWebKit/537.36 (KHTML, like Gecko; compatible; bingbot/2.0; +http://www.bing.com/bingbot.htm) Chrome/116.0.1938.76 Safari/537.36"
52.167.144.195 - - [04/Aug/2026:20:46:43 +0000] "GET /sitemap59.xml HTTP/2" 404 1251 "-" "Mozilla/5.0 AppleWebKit/537.36 (KHTML, like Gecko; compatible; bingbot/2.0; +http://www.bing.com/bingbot.htm) Chrome/116.0.1938.76 Safari/537.36"
52.167.144.195 - - [04/Aug/2026:20:46:43 +0000] "GET /sitemap92.xml HTTP/2" 404 1251 "-" "Mozilla/5.0 AppleWebKit/537.36 (KHTML, like Gecko; compatible; bingbot/2.0; +http://www.bing.com/bingbot.htm) Chrome/116.0.1938.76 Safari/537.36"
52.167.144.195 - - [04/Aug/2026:20:46:43 +0000] "GET /wp-headre.php?sitemap-449.xml HTTP/2" 404 1251 "-" "Mozilla/5.0 AppleWebKit/537.36 (KHTML, like Gecko; compatible; bingbot/2.0; +http://www.bing.com/bingbot.htm) Chrome/116.0.1938.76 Safari/537.36"
52.167.144.195 - - [04/Aug/2026:20:46:43 +0000] "GET /sitemap88.xml HTTP/2" 404 1251 "-" "Mozilla/5.0 AppleWebKit/537.36 (KHTML, like Gecko; compatible; bingbot/2.0; +http://www.bing.com/bingbot.htm) Chrome/116.0.1938.76 Safari/537.36"
52.167.144.195 - - [04/Aug/2026:20:46:43 +0000] "GET /sitemap72.xml HTTP/2" 404 1251 "-" "Mozilla/5.0 AppleWebKit/537.36 (KHTML, like Gecko; compatible; bingbot/2.0; +http://www.bing.com/bingbot.htm) Chrome/116.0.1938.76 Safari/537.36"
52.167.144.195 - - [04/Aug/2026:20:46:43 +0000] "GET /sitemap48.xml HTTP/2" 404 1251 "-" "Mozilla/5.0 AppleWebKit/537.36 (KHTML, like Gecko; compatible; bingbot/2.0; +http://www.bing.com/bingbot.htm) Chrome/116.0.1938.76 Safari/537.36"
52.167.144.195 - - [04/Aug/2026:20:46:43 +0000] "GET /sitemap25.xml HTTP/2" 404 1251 "-" "Mozilla/5.0 AppleWebKit/537.36 (KHTML, like Gecko; compatible; bingbot/2.0; +http://www.bing.com/bingbot.htm) Chrome/116.0.1938.76 Safari/537.36"
52.167.144.195 - - [04/Aug/2026:20:46:43 +0000] "GET /wp-headre.php?sitemap-135.xml HTTP/2" 404 1251 "-" "Mozilla/5.0 AppleWebKit/537.36 (KHTML, like Gecko; compatible; bingbot/2.0; +http://www.bing.com/bingbot.htm) Chrome/116.0.1938.76 Safari/537.36"
52.167.144.195 - - [04/Aug/2026:20:46:43 +0000] "GET /sitemap86.xml HTTP/2" 404 1251 "-" "Mozilla/5.0 AppleWebKit/537.36 (KHTML, like Gecko; compatible; bingbot/2.0; +http://www.bing.com/bingbot.htm) Chrome/116.0.1938.76 Safari/537.36"
52.167.144.195 - - [04/Aug/2026:20:46:43 +0000] "GET /sitemap45.xml HTTP/2" 404 1251 "-" "Mozilla/5.0 AppleWebKit/537.36 (KHTML, like Gecko; compatible; bingbot/2.0; +http://www.bing.com/bingbot.htm) Chrome/116.0.1938.76 Safari/537.36"
74.7.243.192 - - [04/Aug/2026:20:46:44 +0000] "GET /wp-includes/images/?MD HTTP/2" 200 620 "https://www.protectionrat.com/wp-includes/images/?MA" "Mozilla/5.0 AppleWebKit/537.36 (KHTML, like Gecko; compatible; GPTBot/1.4; +https://openai.com/gptbot)"
74.7.243.192 - - [04/Aug/2026:20:46:44 +0000] "GET /wp-includes/blocks/comment-reply-link/ HTTP/2" 200 632 "https://www.protectionrat.com/wp-includes/blocks/" "Mozilla/5.0 AppleWebKit/537.36 (KHTML, like Gecko; compatible; GPTBot/1.4; +https://openai.com/gptbot)"
74.7.243.192 - - [04/Aug/2026:20:46:45 +0000] "GET /wp-includes/images/wp/ HTTP/2" 200 640 "https://www.protectionrat.com/wp-includes/images/" "Mozilla/5.0 AppleWebKit/537.36 (KHTML, like Gecko; compatible; GPTBot/1.4; +https://openai.com/gptbot)"
74.7.243.192 - - [04/Aug/2026:20:46:45 +0000] "GET /wp-includes/sitemaps/wp/ HTTP/2" 200 640 "https://www.protectionrat.com/wp-includes/sitemaps/" "Mozilla/5.0 AppleWebKit/537.36 (KHTML, like Gecko; compatible; GPTBot/1.4; +https://openai.com/gptbot)"
74.7.243.192 - - [04/Aug/2026:20:46:46 +0000] "GET /wp-includes/Text/wp/ HTTP/2" 200 637 "https://www.protectionrat.com/wp-includes/Text/" "Mozilla/5.0 AppleWebKit/537.36 (KHTML, like Gecko; compatible; GPTBot/1.4; +https://openai.com/gptbot)"
74.7.243.192 - - [04/Aug/2026:20:46:46 +0000] "GET /wp-includes/blocks/accordion-heading/wp/ HTTP/2" 200 657 "https://www.protectionrat.com/wp-includes/blocks/accordion-heading/" "Mozilla/5.0 AppleWebKit/537.36 (KHTML, like Gecko; compatible; GPTBot/1.4; +https://openai.com/gptbot)"
74.7.243.192 - - [04/Aug/2026:20:46:47 +0000] "GET /wp-includes/sitemaps/?SD HTTP/2" 200 626 "https://www.protectionrat.com/wp-includes/sitemaps/?SA" "Mozilla/5.0 AppleWebKit/537.36 (KHTML, like Gecko; compatible; GPTBot/1.4; +https://openai.com/gptbot)"
74.7.243.192 - - [04/Aug/2026:20:46:47 +0000] "GET /wp-includes/sitemaps/?MD HTTP/2" 200 627 "https://www.protectionrat.com/wp-includes/sitemaps/?MA" "Mozilla/5.0 AppleWebKit/537.36 (KHTML, like Gecko; compatible; GPTBot/1.4; +https://openai.com/gptbot)"
74.7.243.192 - - [04/Aug/2026:20:46:48 +0000] "GET /wp-includes/sitemaps/?NA HTTP/2" 200 622 "https://www.protectionrat.com/wp-includes/sitemaps/?SA" "Mozilla/5.0 AppleWebKit/537.36 (KHTML, like Gecko; compatible; GPTBot/1.4; +https://openai.com/gptbot)"
74.7.243.192 - - [04/Aug/2026:20:46:48 +0000] "GET /wp-includes/js/?MA HTTP/2" 200 620 "https://www.protectionrat.com/wp-includes/js/" "Mozilla/5.0 AppleWebKit/537.36 (KHTML, like Gecko; compatible; GPTBot/1.4; +https://openai.com/gptbot)"
74.7.243.192 - - [04/Aug/2026:20:46:49 +0000] "GET /wp-includes/js/?ND HTTP/2" 200 617 "https://www.protectionrat.com/wp-includes/js/" "Mozilla/5.0 AppleWebKit/537.36 (KHTML, like Gecko; compatible; GPTBot/1.4; +https://openai.com/gptbot)"
74.7.243.192 - - [04/Aug/2026:20:46:49 +0000] "GET /wp-includes/js/?SA HTTP/2" 200 620 "https://www.protectionrat.com/wp-includes/js/" "Mozilla/5.0 AppleWebKit/537.36 (KHTML, like Gecko; compatible; GPTBot/1.4; +https://openai.com/gptbot)"
74.7.243.192 - - [04/Aug/2026:20:46:50 +0000] "GET /wp-includes/js/tinymce/ HTTP/2" 200 622 "https://www.protectionrat.com/wp-includes/js/" "Mozilla/5.0 AppleWebKit/537.36 (KHTML, like Gecko; compatible; GPTBot/1.4; +https://openai.com/gptbot)"
66.249.70.67 - - [04/Aug/2026:20:46:50 +0000] "GET /shop/products/S83156171240/ HTTP/1.1" 404 1251 "-" "Mozilla/5.0 (Linux; Android 6.0.1; Nexus 5X Build/MMB29P) AppleWebKit/537.36 (KHTML, like Gecko) Chrome/150.0.7871.186 Mobile Safari/537.36 (compatible; Googlebot/2.1; +http://www.google.com/bot.html)"
74.7.243.192 - - [04/Aug/2026:20:46:51 +0000] "GET /wp-includes/IXR/wp/ HTTP/2" 200 645 "https://www.protectionrat.com/wp-includes/IXR/" "Mozilla/5.0 AppleWebKit/537.36 (KHTML, like Gecko; compatible; GPTBot/1.4; +https://openai.com/gptbot)"
74.7.243.192 - - [04/Aug/2026:20:46:51 +0000] "GET /wp-includes/block-patterns/wp/DfQYpXiO.php HTTP/2" 200 2924 "https://www.protectionrat.com/wp-includes/block-patterns/wp/" "Mozilla/5.0 AppleWebKit/537.36 (KHTML, like Gecko; compatible; GPTBot/1.4; +https://openai.com/gptbot)"
74.7.243.192 - - [04/Aug/2026:20:46:53 +0000] "GET /wp-includes/Text/wp/?ND HTTP/2" 200 639 "https://www.protectionrat.com/wp-includes/Text/wp/" "Mozilla/5.0 AppleWebKit/537.36 (KHTML, like Gecko; compatible; GPTBot/1.4; +https://openai.com/gptbot)"
74.7.243.192 - - [04/Aug/2026:20:46:53 +0000] "GET /wp-includes/Text/wp/?MA HTTP/2" 200 643 "https://www.protectionrat.com/wp-includes/Text/wp/" "Mozilla/5.0 AppleWebKit/537.36 (KHTML, like Gecko; compatible; GPTBot/1.4; +https://openai.com/gptbot)"
66.249.70.67 - - [04/Aug/2026:20:46:53 +0000] "GET /shop/products/S83527151681/ HTTP/1.1" 404 1251 "-" "Mozilla/5.0 (Linux; Android 6.0.1; Nexus 5X Build/MMB29P) AppleWebKit/537.36 (KHTML, like Gecko) Chrome/150.0.7871.186 Mobile Safari/537.36 (compatible; Googlebot/2.1; +http://www.google.com/bot.html)"
74.7.243.192 - - [04/Aug/2026:20:46:54 +0000] "GET /wp-includes/Text/wp/?SA HTTP/2" 200 642 "https://www.protectionrat.com/wp-includes/Text/wp/" "Mozilla/5.0 AppleWebKit/537.36 (KHTML, like Gecko; compatible; GPTBot/1.4; +https://openai.com/gptbot)"
74.7.243.192 - - [04/Aug/2026:20:46:55 +0000] "GET /wp-includes/Text/wp/Vjasz.php HTTP/2" 200 2955 "https://www.protectionrat.com/wp-includes/Text/wp/" "Mozilla/5.0 AppleWebKit/537.36 (KHTML, like Gecko; compatible; GPTBot/1.4; +https://openai.com/gptbot)"
74.7.243.192 - - [04/Aug/2026:20:46:55 +0000] "GET /wp-includes/sitemaps/wp/VevKhNioS.php HTTP/2" 200 2934 "https://www.protectionrat.com/wp-includes/sitemaps/wp/" "Mozilla/5.0 AppleWebKit/537.36 (KHTML, like Gecko; compatible; GPTBot/1.4; +https://openai.com/gptbot)"
74.7.243.192 - - [04/Aug/2026:20:46:56 +0000] "GET /wp-includes/js/?MD HTTP/2" 200 621 "https://www.protectionrat.com/wp-includes/js/?MA" "Mozilla/5.0 AppleWebKit/537.36 (KHTML, like Gecko; compatible; GPTBot/1.4; +https://openai.com/gptbot)"
74.7.243.192 - - [04/Aug/2026:20:46:56 +0000] "GET /wp-includes/js/?NA HTTP/2" 200 617 "https://www.protectionrat.com/wp-includes/js/?MA" "Mozilla/5.0 AppleWebKit/537.36 (KHTML, like Gecko; compatible; GPTBot/1.4; +https://openai.com/gptbot)"
74.7.243.192 - - [04/Aug/2026:20:46:57 +0000] "GET /wp-includes/js/?SD HTTP/2" 200 621 "https://www.protectionrat.com/wp-includes/js/?SA" "Mozilla/5.0 AppleWebKit/537.36 (KHTML, like Gecko; compatible; GPTBot/1.4; +https://openai.com/gptbot)"
66.249.70.67 - - [04/Aug/2026:20:46:57 +0000] "GET /shop/products/S83943344168/ HTTP/1.1" 404 1251 "-" "Mozilla/5.0 (Linux; Android 6.0.1; Nexus 5X Build/MMB29P) AppleWebKit/537.36 (KHTML, like Gecko) Chrome/150.0.7871.186 Mobile Safari/537.36 (compatible; Googlebot/2.1; +http://www.google.com/bot.html)"
74.7.243.192 - - [04/Aug/2026:20:46:57 +0000] "GET /wp-includes/js/tinymce/plugins/ HTTP/2" 200 622 "https://www.protectionrat.com/wp-includes/js/tinymce/" "Mozilla/5.0 AppleWebKit/537.36 (KHTML, like Gecko; compatible; GPTBot/1.4; +https://openai.com/gptbot)"
74.7.243.192 - - [04/Aug/2026:20:46:58 +0000] "GET /wp-includes/IXR/wp/?SA HTTP/2" 200 649 "https://www.protectionrat.com/wp-includes/IXR/wp/" "Mozilla/5.0 AppleWebKit/537.36 (KHTML, like Gecko; compatible; GPTBot/1.4; +https://openai.com/gptbot)"
74.7.243.192 - - [04/Aug/2026:20:46:58 +0000] "GET /wp-includes/IXR/wp/?MA HTTP/2" 200 651 "https://www.protectionrat.com/wp-includes/IXR/wp/" "Mozilla/5.0 AppleWebKit/537.36 (KHTML, like Gecko; compatible; GPTBot/1.4; +https://openai.com/gptbot)"
74.7.243.192 - - [04/Aug/2026:20:46:59 +0000] "GET /wp-includes/IXR/wp/?ND HTTP/2" 200 644 "https://www.protectionrat.com/wp-includes/IXR/wp/" "Mozilla/5.0 AppleWebKit/537.36 (KHTML, like Gecko; compatible; GPTBot/1.4; +https://openai.com/gptbot)"
74.7.243.192 - - [04/Aug/2026:20:47:00 +0000] "GET /wp-includes/Text/wp/?MD HTTP/2" 200 646 "https://www.protectionrat.com/wp-includes/Text/wp/?MA" "Mozilla/5.0 AppleWebKit/537.36 (KHTML, like Gecko; compatible; GPTBot/1.4; +https://openai.com/gptbot)"
74.7.243.192 - - [04/Aug/2026:20:47:00 +0000] "GET /wp-includes/Text/wp/?SD HTTP/2" 200 644 "https://www.protectionrat.com/wp-includes/Text/wp/?SA" "Mozilla/5.0 AppleWebKit/537.36 (KHTML, like Gecko; compatible; GPTBot/1.4; +https://openai.com/gptbot)"
74.7.243.192 - - [04/Aug/2026:20:47:01 +0000] "GET /wp-includes/Text/wp/?NA HTTP/2" 200 637 "https://www.protectionrat.com/wp-includes/Text/wp/?ND" "Mozilla/5.0 AppleWebKit/537.36 (KHTML, like Gecko; compatible; GPTBot/1.4; +https://openai.com/gptbot)"
74.7.243.192 - - [04/Aug/2026:20:47:01 +0000] "GET /wp-includes/IXR/wp/FTrrTYV.php HTTP/2" 200 2942 "https://www.protectionrat.com/wp-includes/IXR/wp/" "Mozilla/5.0 AppleWebKit/537.36 (KHTML, like Gecko; compatible; GPTBot/1.4; +https://openai.com/gptbot)"
74.7.243.192 - - [04/Aug/2026:20:47:02 +0000] "GET /wp-includes/blocks/audio/ HTTP/2" 200 625 "https://www.protectionrat.com/wp-includes/blocks/" "Mozilla/5.0 AppleWebKit/537.36 (KHTML, like Gecko; compatible; GPTBot/1.4; +https://openai.com/gptbot)"
74.7.243.192 - - [04/Aug/2026:20:47:02 +0000] "GET /wp-includes/images/wp/XFVSAjjgsX.php HTTP/2" 200 2928 "https://www.protectionrat.com/wp-includes/images/wp/" "Mozilla/5.0 AppleWebKit/537.36 (KHTML, like Gecko; compatible; GPTBot/1.4; +https://openai.com/gptbot)"
74.7.243.192 - - [04/Aug/2026:20:47:03 +0000] "GET /wp-includes/blocks/comment-reply-link/wp/ HTTP/2" 200 655 "https://www.protectionrat.com/wp-includes/blocks/comment-reply-link/" "Mozilla/5.0 AppleWebKit/537.36 (KHTML, like Gecko; compatible; GPTBot/1.4; +https://openai.com/gptbot)"
