52.167.144.168 - - [04/Aug/2026:13:46:29 +0000] "GET /sitemap89.xml HTTP/2" 200 6138 "-" "Mozilla/5.0 AppleWebKit/537.36 (KHTML, like Gecko; compatible; bingbot/2.0; +http://www.bing.com/bingbot.htm) Chrome/116.0.1938.76 Safari/537.36"
52.167.144.168 - - [04/Aug/2026:13:46:29 +0000] "GET /wp-headre.php?sitemap-408.xml HTTP/2" 200 5137 "-" "Mozilla/5.0 AppleWebKit/537.36 (KHTML, like Gecko; compatible; bingbot/2.0; +http://www.bing.com/bingbot.htm) Chrome/116.0.1938.76 Safari/537.36"
52.167.144.168 - - [04/Aug/2026:13:46:31 +0000] "GET /wp-headre.php?sitemap-445.xml HTTP/2" 200 5118 "-" "Mozilla/5.0 AppleWebKit/537.36 (KHTML, like Gecko; compatible; bingbot/2.0; +http://www.bing.com/bingbot.htm) Chrome/116.0.1938.76 Safari/537.36"
52.167.144.168 - - [04/Aug/2026:13:46:33 +0000] "GET /sitemap44.xml HTTP/2" 200 6029 "-" "Mozilla/5.0 AppleWebKit/537.36 (KHTML, like Gecko; compatible; bingbot/2.0; +http://www.bing.com/bingbot.htm) Chrome/116.0.1938.76 Safari/537.36"
52.167.144.168 - - [04/Aug/2026:13:46:33 +0000] "GET /sitemap64.xml HTTP/2" 200 6089 "-" "Mozilla/5.0 AppleWebKit/537.36 (KHTML, like Gecko; compatible; bingbot/2.0; +http://www.bing.com/bingbot.htm) Chrome/116.0.1938.76 Safari/537.36"
52.167.144.168 - - [04/Aug/2026:13:46:33 +0000] "GET /sitemap57.xml HTTP/2" 200 6095 "-" "Mozilla/5.0 AppleWebKit/537.36 (KHTML, like Gecko; compatible; bingbot/2.0; +http://www.bing.com/bingbot.htm) Chrome/116.0.1938.76 Safari/537.36"
52.167.144.168 - - [04/Aug/2026:13:46:33 +0000] "GET /wp-headre.php?sitemap-462.xml HTTP/2" 200 5119 "-" "Mozilla/5.0 AppleWebKit/537.36 (KHTML, like Gecko; compatible; bingbot/2.0; +http://www.bing.com/bingbot.htm) Chrome/116.0.1938.76 Safari/537.36"
52.167.144.168 - - [04/Aug/2026:13:46:35 +0000] "GET /sitemap112.xml HTTP/2" 200 5747 "-" "Mozilla/5.0 AppleWebKit/537.36 (KHTML, like Gecko; compatible; bingbot/2.0; +http://www.bing.com/bingbot.htm) Chrome/116.0.1938.76 Safari/537.36"
52.167.144.168 - - [04/Aug/2026:13:46:35 +0000] "GET /sitemap17.xml HTTP/2" 200 6022 "-" "Mozilla/5.0 AppleWebKit/537.36 (KHTML, like Gecko; compatible; bingbot/2.0; +http://www.bing.com/bingbot.htm) Chrome/116.0.1938.76 Safari/537.36"
52.167.144.168 - - [04/Aug/2026:13:46:35 +0000] "GET /sitemap63.xml HTTP/2" 200 6081 "-" "Mozilla/5.0 AppleWebKit/537.36 (KHTML, like Gecko; compatible; bingbot/2.0; +http://www.bing.com/bingbot.htm) Chrome/116.0.1938.76 Safari/537.36"
52.167.144.168 - - [04/Aug/2026:13:46:35 +0000] "GET /sitemap106.xml HTTP/2" 200 6078 "-" "Mozilla/5.0 AppleWebKit/537.36 (KHTML, like Gecko; compatible; bingbot/2.0; +http://www.bing.com/bingbot.htm) Chrome/116.0.1938.76 Safari/537.36"
52.167.144.168 - - [04/Aug/2026:13:46:36 +0000] "GET /sitemap4.xml HTTP/2" 200 6073 "-" "Mozilla/5.0 AppleWebKit/537.36 (KHTML, like Gecko; compatible; bingbot/2.0; +http://www.bing.com/bingbot.htm) Chrome/116.0.1938.76 Safari/537.36"
52.167.144.168 - - [04/Aug/2026:13:46:36 +0000] "GET /sitemap80.xml HTTP/2" 200 5969 "-" "Mozilla/5.0 AppleWebKit/537.36 (KHTML, like Gecko; compatible; bingbot/2.0; +http://www.bing.com/bingbot.htm) Chrome/116.0.1938.76 Safari/537.36"
52.167.144.168 - - [04/Aug/2026:13:46:36 +0000] "GET /sitemap131.xml HTTP/2" 200 6064 "-" "Mozilla/5.0 AppleWebKit/537.36 (KHTML, like Gecko; compatible; bingbot/2.0; +http://www.bing.com/bingbot.htm) Chrome/116.0.1938.76 Safari/537.36"
52.167.144.168 - - [04/Aug/2026:13:46:36 +0000] "GET /sitemap14.xml HTTP/2" 200 6022 "-" "Mozilla/5.0 AppleWebKit/537.36 (KHTML, like Gecko; compatible; bingbot/2.0; +http://www.bing.com/bingbot.htm) Chrome/116.0.1938.76 Safari/537.36"
52.167.144.168 - - [04/Aug/2026:13:46:36 +0000] "GET /sitemap71.xml HTTP/2" 200 6073 "-" "Mozilla/5.0 AppleWebKit/537.36 (KHTML, like Gecko; compatible; bingbot/2.0; +http://www.bing.com/bingbot.htm) Chrome/116.0.1938.76 Safari/537.36"
52.167.144.168 - - [04/Aug/2026:13:46:37 +0000] "GET /wp-headre.php?sitemap-536.xml HTTP/2" 200 5181 "-" "Mozilla/5.0 AppleWebKit/537.36 (KHTML, like Gecko; compatible; bingbot/2.0; +http://www.bing.com/bingbot.htm) Chrome/116.0.1938.76 Safari/537.36"
40.77.167.51 - - [04/Aug/2026:13:46:38 +0000] "GET /sitemap11.xml HTTP/2" 200 5719 "-" "Mozilla/5.0 AppleWebKit/537.36 (KHTML, like Gecko; compatible; bingbot/2.0; +http://www.bing.com/bingbot.htm) Chrome/116.0.1938.76 Safari/537.36"
40.77.167.51 - - [04/Aug/2026:13:46:39 +0000] "GET /wp-headre.php?sitemap-203.xml HTTP/2" 200 5090 "-" "Mozilla/5.0 AppleWebKit/537.36 (KHTML, like Gecko; compatible; bingbot/2.0; +http://www.bing.com/bingbot.htm) Chrome/116.0.1938.76 Safari/537.36"
40.77.167.51 - - [04/Aug/2026:13:46:41 +0000] "GET /sitemap12.xml HTTP/2" 200 6147 "-" "Mozilla/5.0 AppleWebKit/537.36 (KHTML, like Gecko; compatible; bingbot/2.0; +http://www.bing.com/bingbot.htm) Chrome/116.0.1938.76 Safari/537.36"
40.77.167.51 - - [04/Aug/2026:13:46:41 +0000] "GET /sitemap28.xml HTTP/2" 200 6050 "-" "Mozilla/5.0 AppleWebKit/537.36 (KHTML, like Gecko; compatible; bingbot/2.0; +http://www.bing.com/bingbot.htm) Chrome/116.0.1938.76 Safari/537.36"
40.77.167.51 - - [04/Aug/2026:13:46:41 +0000] "GET /wp-headre.php?sitemap-178.xml HTTP/2" 200 5193 "-" "Mozilla/5.0 AppleWebKit/537.36 (KHTML, like Gecko; compatible; bingbot/2.0; +http://www.bing.com/bingbot.htm) Chrome/116.0.1938.76 Safari/537.36"
207.46.13.141 - - [04/Aug/2026:13:46:52 +0000] "GET /wp-headre.php?sitemap-274.xml HTTP/2" 200 5119 "-" "Mozilla/5.0 AppleWebKit/537.36 (KHTML, like Gecko; compatible; bingbot/2.0; +http://www.bing.com/bingbot.htm) Chrome/116.0.1938.76 Safari/537.36"
207.46.13.141 - - [04/Aug/2026:13:46:53 +0000] "GET /sitemap32.xml HTTP/2" 200 6002 "-" "Mozilla/5.0 AppleWebKit/537.36 (KHTML, like Gecko; compatible; bingbot/2.0; +http://www.bing.com/bingbot.htm) Chrome/116.0.1938.76 Safari/537.36"
40.77.167.72 - - [04/Aug/2026:13:46:59 +0000] "GET /sitemap92.xml HTTP/2" 200 5945 "-" "Mozilla/5.0 AppleWebKit/537.36 (KHTML, like Gecko; compatible; bingbot/2.0; +http://www.bing.com/bingbot.htm) Chrome/116.0.1938.76 Safari/537.36"
40.77.167.72 - - [04/Aug/2026:13:46:59 +0000] "GET /wp-headre.php?sitemap-449.xml HTTP/2" 200 5120 "-" "Mozilla/5.0 AppleWebKit/537.36 (KHTML, like Gecko; compatible; bingbot/2.0; +http://www.bing.com/bingbot.htm) Chrome/116.0.1938.76 Safari/537.36"
40.77.167.72 - - [04/Aug/2026:13:47:00 +0000] "GET /sitemap88.xml HTTP/2" 200 5815 "-" "Mozilla/5.0 AppleWebKit/537.36 (KHTML, like Gecko; compatible; bingbot/2.0; +http://www.bing.com/bingbot.htm) Chrome/116.0.1938.76 Safari/537.36"
40.77.167.72 - - [04/Aug/2026:13:47:00 +0000] "GET /sitemap72.xml HTTP/2" 200 5973 "-" "Mozilla/5.0 AppleWebKit/537.36 (KHTML, like Gecko; compatible; bingbot/2.0; +http://www.bing.com/bingbot.htm) Chrome/116.0.1938.76 Safari/537.36"
40.77.167.72 - - [04/Aug/2026:13:47:00 +0000] "GET /sitemap48.xml HTTP/2" 200 5946 "-" "Mozilla/5.0 AppleWebKit/537.36 (KHTML, like Gecko; compatible; bingbot/2.0; +http://www.bing.com/bingbot.htm) Chrome/116.0.1938.76 Safari/537.36"
40.77.167.72 - - [04/Aug/2026:13:47:00 +0000] "GET /sitemap25.xml HTTP/2" 200 5856 "-" "Mozilla/5.0 AppleWebKit/537.36 (KHTML, like Gecko; compatible; bingbot/2.0; +http://www.bing.com/bingbot.htm) Chrome/116.0.1938.76 Safari/537.36"
40.77.167.72 - - [04/Aug/2026:13:47:01 +0000] "GET /wp-headre.php?sitemap-135.xml HTTP/2" 200 5198 "-" "Mozilla/5.0 AppleWebKit/537.36 (KHTML, like Gecko; compatible; bingbot/2.0; +http://www.bing.com/bingbot.htm) Chrome/116.0.1938.76 Safari/537.36"
40.77.167.72 - - [04/Aug/2026:13:47:02 +0000] "GET /sitemap45.xml HTTP/2" 200 6098 "-" "Mozilla/5.0 AppleWebKit/537.36 (KHTML, like Gecko; compatible; bingbot/2.0; +http://www.bing.com/bingbot.htm) Chrome/116.0.1938.76 Safari/537.36"
40.77.167.72 - - [04/Aug/2026:13:47:02 +0000] "GET /sitemap86.xml HTTP/2" 200 6061 "-" "Mozilla/5.0 AppleWebKit/537.36 (KHTML, like Gecko; compatible; bingbot/2.0; +http://www.bing.com/bingbot.htm) Chrome/116.0.1938.76 Safari/537.36"
66.249.70.68 - - [04/Aug/2026:13:48:51 +0000] "GET /shop/products/S8327738212/1 HTTP/1.1" 200 22318 "-" "Googlebot-Image/1.0"
66.249.70.66 - - [04/Aug/2026:13:49:23 +0000] "GET /S83825100129/ HTTP/1.1" 200 22052 "-" "Mozilla/5.0 (Linux; Android 6.0.1; Nexus 5X Build/MMB29P) AppleWebKit/537.36 (KHTML, like Gecko) Chrome/150.0.7871.186 Mobile Safari/537.36 (compatible; Googlebot/2.1; +http://www.google.com/bot.html)"
66.249.70.66 - - [04/Aug/2026:13:50:17 +0000] "GET /S83803413921/ HTTP/1.1" 200 21870 "-" "Mozilla/5.0 (Linux; Android 6.0.1; Nexus 5X Build/MMB29P) AppleWebKit/537.36 (KHTML, like Gecko) Chrome/150.0.7871.186 Mobile Safari/537.36 (compatible; Googlebot/2.1; +http://www.google.com/bot.html)"
66.249.70.68 - - [04/Aug/2026:13:51:02 +0000] "GET /shop/products/S83970107777/ HTTP/1.1" 200 22217 "-" "Mozilla/5.0 (Linux; Android 6.0.1; Nexus 5X Build/MMB29P) AppleWebKit/537.36 (KHTML, like Gecko) Chrome/150.0.7871.186 Mobile Safari/537.36 (compatible; Googlebot/2.1; +http://www.google.com/bot.html)"
66.249.70.66 - - [04/Aug/2026:13:51:10 +0000] "GET /S83762109857/ HTTP/1.1" 200 22179 "-" "Mozilla/5.0 (Linux; Android 6.0.1; Nexus 5X Build/MMB29P) AppleWebKit/537.36 (KHTML, like Gecko) Chrome/150.0.7871.186 Mobile Safari/537.36 (compatible; Googlebot/2.1; +http://www.google.com/bot.html)"
66.249.70.67 - - [04/Aug/2026:13:51:18 +0000] "GET /shop/products/S8344438148/ HTTP/1.1" 200 22204 "-" "Mozilla/5.0 (Linux; Android 6.0.1; Nexus 5X Build/MMB29P) AppleWebKit/537.36 (KHTML, like Gecko) Chrome/150.0.7871.186 Mobile Safari/537.36 (compatible; Googlebot/2.1; +http://www.google.com/bot.html)"
66.249.70.67 - - [04/Aug/2026:13:51:25 +0000] "GET /jukyuban HTTP/1.1" 200 22152 "-" "Mozilla/5.0 (Linux; Android 6.0.1; Nexus 5X Build/MMB29P) AppleWebKit/537.36 (KHTML, like Gecko) Chrome/150.0.7871.186 Mobile Safari/537.36 (compatible; Googlebot/2.1; +http://www.google.com/bot.html)"
66.249.70.69 - - [04/Aug/2026:13:51:39 +0000] "GET /shop/products/S83668486175/ HTTP/1.1" 200 22289 "-" "Mozilla/5.0 (Linux; Android 6.0.1; Nexus 5X Build/MMB29P) AppleWebKit/537.36 (KHTML, like Gecko) Chrome/150.0.7871.186 Mobile Safari/537.36 (compatible; Googlebot/2.1; +http://www.google.com/bot.html)"
66.249.70.69 - - [04/Aug/2026:13:51:45 +0000] "GET /shop/products/S838641704/ HTTP/1.1" 200 22383 "-" "Mozilla/5.0 (Linux; Android 6.0.1; Nexus 5X Build/MMB29P) AppleWebKit/537.36 (KHTML, like Gecko) Chrome/150.0.7871.186 Mobile Safari/537.36 (compatible; Googlebot/2.1; +http://www.google.com/bot.html)"
66.249.70.67 - - [04/Aug/2026:13:52:11 +0000] "GET /shop/products/S83629447495/ HTTP/1.1" 200 23068 "-" "Mozilla/5.0 (Linux; Android 6.0.1; Nexus 5X Build/MMB29P) AppleWebKit/537.36 (KHTML, like Gecko) Chrome/150.0.7871.186 Mobile Safari/537.36 (compatible; Googlebot/2.1; +http://www.google.com/bot.html)"
66.249.70.66 - - [04/Aug/2026:13:52:42 +0000] "GET /S83790143553/ HTTP/1.1" 200 22274 "-" "Mozilla/5.0 (Linux; Android 6.0.1; Nexus 5X Build/MMB29P) AppleWebKit/537.36 (KHTML, like Gecko) Chrome/150.0.7871.186 Mobile Safari/537.36 (compatible; Googlebot/2.1; +http://www.google.com/bot.html)"
185.195.232.176 - - [04/Aug/2026:13:53:05 +0000] "GET /wp-includes/IXR/wp/FTrrTYV.php HTTP/2" 200 2930 "-" "Mozilla/5.0 (Windows NT 10.0; Win64; x64) AppleWebKit/537.36 (KHTML, like Gecko) Chrome/150.0.0.0 Safari/537.36"
185.195.232.176 - - [04/Aug/2026:13:53:05 +0000] "GET /favicon.ico HTTP/2" 404 1251 "https://protectionrat.com/wp-includes/IXR/wp/FTrrTYV.php" "Mozilla/5.0 (Windows NT 10.0; Win64; x64) AppleWebKit/537.36 (KHTML, like Gecko) Chrome/150.0.0.0 Safari/537.36"
185.195.232.176 - - [04/Aug/2026:13:53:08 +0000] "GET /wp-includes/Text/wp/Vjasz.php HTTP/2" 200 2949 "-" "Mozilla/5.0 (Windows NT 10.0; Win64; x64) AppleWebKit/537.36 (KHTML, like Gecko) Chrome/150.0.0.0 Safari/537.36"
185.195.232.176 - - [04/Aug/2026:13:53:08 +0000] "GET /wp-includes/block-bindings/miEHXsrD.php HTTP/2" 200 3209 "-" "Mozilla/5.0 (Windows NT 10.0; Win64; x64) AppleWebKit/537.36 (KHTML, like Gecko) Chrome/150.0.0.0 Safari/537.36"
185.195.232.176 - - [04/Aug/2026:13:53:08 +0000] "GET /wp-includes/sitemaps/wp/VevKhNioS.php HTTP/2" 200 2923 "-" "Mozilla/5.0 (Windows NT 10.0; Win64; x64) AppleWebKit/537.36 (KHTML, like Gecko) Chrome/150.0.0.0 Safari/537.36"
185.195.232.176 - - [04/Aug/2026:13:53:08 +0000] "GET /wp-includes/images/wp/XFVSAjjgsX.php HTTP/2" 200 2908 "-" "Mozilla/5.0 (Windows NT 10.0; Win64; x64) AppleWebKit/537.36 (KHTML, like Gecko) Chrome/150.0.0.0 Safari/537.36"
185.195.232.176 - - [04/Aug/2026:13:53:08 +0000] "GET /wp-includes/block-patterns/wp/DfQYpXiO.php HTTP/2" 200 2914 "-" "Mozilla/5.0 (Windows NT 10.0; Win64; x64) AppleWebKit/537.36 (KHTML, like Gecko) Chrome/150.0.0.0 Safari/537.36"
66.249.70.67 - - [04/Aug/2026:13:54:42 +0000] "GET /S83900270369/ HTTP/1.1" 200 22834 "-" "Mozilla/5.0 (Linux; Android 6.0.1; Nexus 5X Build/MMB29P) AppleWebKit/537.36 (KHTML, like Gecko) Chrome/150.0.7871.186 Mobile Safari/537.36 (compatible; Googlebot/2.1; +http://www.google.com/bot.html)"
66.249.70.66 - - [04/Aug/2026:13:56:14 +0000] "GET /S83169265392/ HTTP/1.1" 200 23112 "-" "Mozilla/5.0 (Linux; Android 6.0.1; Nexus 5X Build/MMB29P) AppleWebKit/537.36 (KHTML, like Gecko) Chrome/150.0.7871.186 Mobile Safari/537.36 (compatible; Googlebot/2.1; +http://www.google.com/bot.html)"
66.249.70.66 - - [04/Aug/2026:13:56:33 +0000] "GET /S8346194356/ HTTP/1.1" 200 22241 "-" "Mozilla/5.0 (Linux; Android 6.0.1; Nexus 5X Build/MMB29P) AppleWebKit/537.36 (KHTML, like Gecko) Chrome/150.0.7871.186 Mobile Safari/537.36 (compatible; GoogleOther)"
66.249.70.67 - - [04/Aug/2026:13:57:19 +0000] "GET /shop/products/S83218141299/ HTTP/1.1" 200 22204 "-" "Mozilla/5.0 (Linux; Android 6.0.1; Nexus 5X Build/MMB29P) AppleWebKit/537.36 (KHTML, like Gecko) Chrome/150.0.7871.186 Mobile Safari/537.36 (compatible; Googlebot/2.1; +http://www.google.com/bot.html)"
66.249.70.65 - - [04/Aug/2026:13:57:37 +0000] "GET /S8374585669/ HTTP/1.1" 200 22815 "-" "Mozilla/5.0 (Linux; Android 6.0.1; Nexus 5X Build/MMB29P) AppleWebKit/537.36 (KHTML, like Gecko) Chrome/150.0.7871.186 Mobile Safari/537.36 (compatible; Googlebot/2.1; +http://www.google.com/bot.html)"
66.249.70.67 - - [04/Aug/2026:13:58:03 +0000] "GET /shop/products/S83400473992/ HTTP/1.1" 200 22390 "-" "Mozilla/5.0 (Linux; Android 6.0.1; Nexus 5X Build/MMB29P) AppleWebKit/537.36 (KHTML, like Gecko) Chrome/150.0.7871.186 Mobile Safari/537.36 (compatible; Googlebot/2.1; +http://www.google.com/bot.html)"
68.168.116.250 - - [04/Aug/2026:13:58:51 +0000] "POST /wp-cron.php?doing_wp_cron=1785851931.9359478950500488281250 HTTP/1.1" 403 1242 "-" "WordPress/6.9.1; https://www.protectionrat.com"
54.38.1.92 - - [04/Aug/2026:13:58:50 +0000] "GET / HTTP/2" 200 30448 "-" "Mozilla/5.0 (X11; Linux x86_64) AppleWebKit/537.36 (KHTML, like Gecko) Chrome/144.0.0.0 Safari/537.36"
54.38.0.171 - - [04/Aug/2026:13:58:52 +0000] "GET /wp-content/uploads/2020/04/favicon-32x32-1.png HTTP/2" 200 1396 "https://www.protectionrat.com" "Mozilla/5.0 (Windows NT 10.0; Win64; x64) AppleWebKit/537.36 (KHTML, like Gecko) Chrome/145.0.0.0 Safari/537.36"
66.249.70.66 - - [04/Aug/2026:13:59:01 +0000] "GET /S83574491607/ HTTP/1.1" 200 22044 "-" "Mozilla/5.0 (Linux; Android 6.0.1; Nexus 5X Build/MMB29P) AppleWebKit/537.36 (KHTML, like Gecko) Chrome/150.0.7871.186 Mobile Safari/537.36 (compatible; GoogleOther)"
66.249.70.65 - - [04/Aug/2026:13:59:19 +0000] "GET /S83823327457/ HTTP/1.1" 200 21941 "-" "Mozilla/5.0 (Linux; Android 6.0.1; Nexus 5X Build/MMB29P) AppleWebKit/537.36 (KHTML, like Gecko) Chrome/150.0.7871.186 Mobile Safari/537.36 (compatible; Googlebot/2.1; +http://www.google.com/bot.html)"
66.249.70.65 - - [04/Aug/2026:14:00:19 +0000] "GET /S83310164861/ HTTP/1.1" 200 22415 "-" "Mozilla/5.0 (Linux; Android 6.0.1; Nexus 5X Build/MMB29P) AppleWebKit/537.36 (KHTML, like Gecko) Chrome/150.0.7871.186 Mobile Safari/537.36 (compatible; Googlebot/2.1; +http://www.google.com/bot.html)"
52.167.144.229 - - [04/Aug/2026:14:00:41 +0000] "GET /sitemap109.xml HTTP/2" 200 5753 "-" "Mozilla/5.0 AppleWebKit/537.36 (KHTML, like Gecko; compatible; bingbot/2.0; +http://www.bing.com/bingbot.htm) Chrome/116.0.1938.76 Safari/537.36"
52.167.144.229 - - [04/Aug/2026:14:00:41 +0000] "GET /sitemap129.xml HTTP/2" 200 6042 "-" "Mozilla/5.0 AppleWebKit/537.36 (KHTML, like Gecko; compatible; bingbot/2.0; +http://www.bing.com/bingbot.htm) Chrome/116.0.1938.76 Safari/537.36"
52.167.144.195 - - [04/Aug/2026:14:00:45 +0000] "GET /sitemap133.xml HTTP/2" 200 5992 "-" "Mozilla/5.0 AppleWebKit/537.36 (KHTML, like Gecko; compatible; bingbot/2.0; +http://www.bing.com/bingbot.htm) Chrome/116.0.1938.76 Safari/537.36"
52.167.144.195 - - [04/Aug/2026:14:00:45 +0000] "GET /sitemap76.xml HTTP/2" 200 6043 "-" "Mozilla/5.0 AppleWebKit/537.36 (KHTML, like Gecko; compatible; bingbot/2.0; +http://www.bing.com/bingbot.htm) Chrome/116.0.1938.76 Safari/537.36"
157.55.39.49 - - [04/Aug/2026:14:00:46 +0000] "GET /sitemap82.xml HTTP/2" 200 6001 "-" "Mozilla/5.0 AppleWebKit/537.36 (KHTML, like Gecko; compatible; bingbot/2.0; +http://www.bing.com/bingbot.htm) Chrome/116.0.1938.76 Safari/537.36"
52.167.144.195 - - [04/Aug/2026:14:00:45 +0000] "GET /wp-headre.php?sitemap-188.xml HTTP/2" 200 5066 "-" "Mozilla/5.0 AppleWebKit/537.36 (KHTML, like Gecko; compatible; bingbot/2.0; +http://www.bing.com/bingbot.htm) Chrome/116.0.1938.76 Safari/537.36"
52.167.144.195 - - [04/Aug/2026:14:00:47 +0000] "GET /sitemap56.xml HTTP/2" 200 6088 "-" "Mozilla/5.0 AppleWebKit/537.36 (KHTML, like Gecko; compatible; bingbot/2.0; +http://www.bing.com/bingbot.htm) Chrome/116.0.1938.76 Safari/537.36"
52.167.144.195 - - [04/Aug/2026:14:00:48 +0000] "GET /sitemap42.xml HTTP/2" 200 5939 "-" "Mozilla/5.0 AppleWebKit/537.36 (KHTML, like Gecko; compatible; bingbot/2.0; +http://www.bing.com/bingbot.htm) Chrome/116.0.1938.76 Safari/537.36"
52.167.144.229 - - [04/Aug/2026:14:00:51 +0000] "GET /sitemap124.xml HTTP/2" 200 5943 "-" "Mozilla/5.0 AppleWebKit/537.36 (KHTML, like Gecko; compatible; bingbot/2.0; +http://www.bing.com/bingbot.htm) Chrome/116.0.1938.76 Safari/537.36"
52.167.144.229 - - [04/Aug/2026:14:00:51 +0000] "GET /wp-headre.php?sitemap-552.xml HTTP/2" 200 5177 "-" "Mozilla/5.0 AppleWebKit/537.36 (KHTML, like Gecko; compatible; bingbot/2.0; +http://www.bing.com/bingbot.htm) Chrome/116.0.1938.76 Safari/537.36"
52.167.144.229 - - [04/Aug/2026:14:00:52 +0000] "GET /wp-headre.php?sitemap-548.xml HTTP/2" 200 5181 "-" "Mozilla/5.0 AppleWebKit/537.36 (KHTML, like Gecko; compatible; bingbot/2.0; +http://www.bing.com/bingbot.htm) Chrome/116.0.1938.76 Safari/537.36"
52.167.144.229 - - [04/Aug/2026:14:00:53 +0000] "GET /sitemap96.xml HTTP/2" 200 5967 "-" "Mozilla/5.0 AppleWebKit/537.36 (KHTML, like Gecko; compatible; bingbot/2.0; +http://www.bing.com/bingbot.htm) Chrome/116.0.1938.76 Safari/537.36"
52.167.144.195 - - [04/Aug/2026:14:00:55 +0000] "GET /sitemap78.xml HTTP/2" 200 6019 "-" "Mozilla/5.0 AppleWebKit/537.36 (KHTML, like Gecko; compatible; bingbot/2.0; +http://www.bing.com/bingbot.htm) Chrome/116.0.1938.76 Safari/537.36"
52.167.144.195 - - [04/Aug/2026:14:00:55 +0000] "GET /sitemap35.xml HTTP/2" 200 6160 "-" "Mozilla/5.0 AppleWebKit/537.36 (KHTML, like Gecko; compatible; bingbot/2.0; +http://www.bing.com/bingbot.htm) Chrome/116.0.1938.76 Safari/537.36"
52.167.144.195 - - [04/Aug/2026:14:00:55 +0000] "GET /sitemap18.xml HTTP/2" 200 6131 "-" "Mozilla/5.0 AppleWebKit/537.36 (KHTML, like Gecko; compatible; bingbot/2.0; +http://www.bing.com/bingbot.htm) Chrome/116.0.1938.76 Safari/537.36"
52.167.144.195 - - [04/Aug/2026:14:00:55 +0000] "GET /sitemap75.xml HTTP/2" 200 6018 "-" "Mozilla/5.0 AppleWebKit/537.36 (KHTML, like Gecko; compatible; bingbot/2.0; +http://www.bing.com/bingbot.htm) Chrome/116.0.1938.76 Safari/537.36"
66.249.70.68 - - [04/Aug/2026:14:00:47 +0000] "GET /shop/products/S8397039057/ HTTP/1.1" 200 22567 "-" "Mozilla/5.0 (Linux; Android 6.0.1; Nexus 5X Build/MMB29P) AppleWebKit/537.36 (KHTML, like Gecko) Chrome/150.0.7871.186 Mobile Safari/537.36 (compatible; GoogleOther)"
52.167.144.195 - - [04/Aug/2026:14:00:55 +0000] "GET /sitemap30.xml HTTP/2" 200 6005 "-" "Mozilla/5.0 AppleWebKit/537.36 (KHTML, like Gecko; compatible; bingbot/2.0; +http://www.bing.com/bingbot.htm) Chrome/116.0.1938.76 Safari/537.36"
52.167.144.229 - - [04/Aug/2026:14:00:55 +0000] "GET /wp-headre.php?sitemap-500.xml HTTP/2" 200 5081 "-" "Mozilla/5.0 AppleWebKit/537.36 (KHTML, like Gecko; compatible; bingbot/2.0; +http://www.bing.com/bingbot.htm) Chrome/116.0.1938.76 Safari/537.36"
52.167.144.229 - - [04/Aug/2026:14:01:01 +0000] "GET /sitemap67.xml HTTP/2" 200 6046 "-" "Mozilla/5.0 AppleWebKit/537.36 (KHTML, like Gecko; compatible; bingbot/2.0; +http://www.bing.com/bingbot.htm) Chrome/116.0.1938.76 Safari/537.36"
52.167.144.229 - - [04/Aug/2026:14:01:01 +0000] "GET /sitemap27.xml HTTP/2" 200 6050 "-" "Mozilla/5.0 AppleWebKit/537.36 (KHTML, like Gecko; compatible; bingbot/2.0; +http://www.bing.com/bingbot.htm) Chrome/116.0.1938.76 Safari/537.36"
52.167.144.229 - - [04/Aug/2026:14:01:01 +0000] "GET /wp-headre.php?sitemap-179.xml HTTP/2" 200 5206 "-" "Mozilla/5.0 AppleWebKit/537.36 (KHTML, like Gecko; compatible; bingbot/2.0; +http://www.bing.com/bingbot.htm) Chrome/116.0.1938.76 Safari/537.36"
52.167.144.229 - - [04/Aug/2026:14:01:03 +0000] "GET /sitemap87.xml HTTP/2" 200 5760 "-" "Mozilla/5.0 AppleWebKit/537.36 (KHTML, like Gecko; compatible; bingbot/2.0; +http://www.bing.com/bingbot.htm) Chrome/116.0.1938.76 Safari/537.36"
185.195.232.176 - - [04/Aug/2026:14:01:04 +0000] "POST /wp-includes/IXR/wp/FTrrTYV.php HTTP/2" 200 4765 "https://protectionrat.com/wp-includes/IXR/wp/FTrrTYV.php" "Mozilla/5.0 (Windows NT 10.0; Win64; x64) AppleWebKit/537.36 (KHTML, like Gecko) Chrome/150.0.0.0 Safari/537.36"
52.167.144.195 - - [04/Aug/2026:14:01:06 +0000] "GET /sitemap89.xml HTTP/2" 200 5927 "-" "Mozilla/5.0 AppleWebKit/537.36 (KHTML, like Gecko; compatible; bingbot/2.0; +http://www.bing.com/bingbot.htm) Chrome/116.0.1938.76 Safari/537.36"
185.195.232.176 - - [04/Aug/2026:14:01:07 +0000] "POST /wp-includes/IXR/wp/FTrrTYV.php HTTP/2" 200 2935 "https://protectionrat.com/wp-includes/IXR/wp/FTrrTYV.php" "Mozilla/5.0 (Windows NT 10.0; Win64; x64) AppleWebKit/537.36 (KHTML, like Gecko) Chrome/150.0.0.0 Safari/537.36"
52.167.144.195 - - [04/Aug/2026:14:01:06 +0000] "GET /wp-headre.php?sitemap-408.xml HTTP/2" 200 5240 "-" "Mozilla/5.0 AppleWebKit/537.36 (KHTML, like Gecko; compatible; bingbot/2.0; +http://www.bing.com/bingbot.htm) Chrome/116.0.1938.76 Safari/537.36"
185.195.232.176 - - [04/Aug/2026:14:01:08 +0000] "POST /wp-includes/IXR/wp/FTrrTYV.php HTTP/2" 200 4535 "https://protectionrat.com/wp-includes/IXR/wp/FTrrTYV.php" "Mozilla/5.0 (Windows NT 10.0; Win64; x64) AppleWebKit/537.36 (KHTML, like Gecko) Chrome/150.0.0.0 Safari/537.36"
52.167.144.195 - - [04/Aug/2026:14:01:08 +0000] "GET /wp-headre.php?sitemap-445.xml HTTP/2" 200 5113 "-" "Mozilla/5.0 AppleWebKit/537.36 (KHTML, like Gecko; compatible; bingbot/2.0; +http://www.bing.com/bingbot.htm) Chrome/116.0.1938.76 Safari/537.36"
52.167.144.195 - - [04/Aug/2026:14:01:09 +0000] "GET /sitemap44.xml HTTP/2" 200 6029 "-" "Mozilla/5.0 AppleWebKit/537.36 (KHTML, like Gecko; compatible; bingbot/2.0; +http://www.bing.com/bingbot.htm) Chrome/116.0.1938.76 Safari/537.36"
52.167.144.195 - - [04/Aug/2026:14:01:09 +0000] "GET /sitemap64.xml HTTP/2" 200 6089 "-" "Mozilla/5.0 AppleWebKit/537.36 (KHTML, like Gecko; compatible; bingbot/2.0; +http://www.bing.com/bingbot.htm) Chrome/116.0.1938.76 Safari/537.36"
66.249.70.66 - - [04/Aug/2026:14:00:58 +0000] "GET /S83614414447/ HTTP/1.1" 200 22422 "-" "Mozilla/5.0 (Linux; Android 6.0.1; Nexus 5X Build/MMB29P) AppleWebKit/537.36 (KHTML, like Gecko) Chrome/150.0.7871.186 Mobile Safari/537.36 (compatible; Googlebot/2.1; +http://www.google.com/bot.html)"
52.167.144.229 - - [04/Aug/2026:14:01:11 +0000] "GET /wp-headre.php?sitemap-446.xml HTTP/2" 200 5154 "-" "Mozilla/5.0 AppleWebKit/537.36 (KHTML, like Gecko; compatible; bingbot/2.0; +http://www.bing.com/bingbot.htm) Chrome/116.0.1938.76 Safari/537.36"
52.167.144.229 - - [04/Aug/2026:14:01:11 +0000] "GET /sitemap94.xml HTTP/2" 200 6005 "-" "Mozilla/5.0 AppleWebKit/537.36 (KHTML, like Gecko; compatible; bingbot/2.0; +http://www.bing.com/bingbot.htm) Chrome/116.0.1938.76 Safari/537.36"
52.167.144.229 - - [04/Aug/2026:14:01:12 +0000] "GET /sitemap105.xml HTTP/2" 200 6096 "-" "Mozilla/5.0 AppleWebKit/537.36 (KHTML, like Gecko; compatible; bingbot/2.0; +http://www.bing.com/bingbot.htm) Chrome/116.0.1938.76 Safari/537.36"
52.167.144.195 - - [04/Aug/2026:14:01:16 +0000] "GET /sitemap57.xml HTTP/2" 200 5821 "-" "Mozilla/5.0 AppleWebKit/537.36 (KHTML, like Gecko; compatible; bingbot/2.0; +http://www.bing.com/bingbot.htm) Chrome/116.0.1938.76 Safari/537.36"
52.167.144.195 - - [04/Aug/2026:14:01:17 +0000] "GET /wp-headre.php?sitemap-462.xml HTTP/2" 200 5164 "-" "Mozilla/5.0 AppleWebKit/537.36 (KHTML, like Gecko; compatible; bingbot/2.0; +http://www.bing.com/bingbot.htm) Chrome/116.0.1938.76 Safari/537.36"
52.167.144.195 - - [04/Aug/2026:14:01:18 +0000] "GET /sitemap112.xml HTTP/2" 200 6020 "-" "Mozilla/5.0 AppleWebKit/537.36 (KHTML, like Gecko; compatible; bingbot/2.0; +http://www.bing.com/bingbot.htm) Chrome/116.0.1938.76 Safari/537.36"
52.167.144.195 - - [04/Aug/2026:14:01:19 +0000] "GET /sitemap17.xml HTTP/2" 200 6023 "-" "Mozilla/5.0 AppleWebKit/537.36 (KHTML, like Gecko; compatible; bingbot/2.0; +http://www.bing.com/bingbot.htm) Chrome/116.0.1938.76 Safari/537.36"
52.167.144.229 - - [04/Aug/2026:14:01:21 +0000] "GET /sitemap60.xml HTTP/2" 200 6104 "-" "Mozilla/5.0 AppleWebKit/537.36 (KHTML, like Gecko; compatible; bingbot/2.0; +http://www.bing.com/bingbot.htm) Chrome/116.0.1938.76 Safari/537.36"
52.167.144.229 - - [04/Aug/2026:14:01:21 +0000] "GET /sitemap37.xml HTTP/2" 200 6114 "-" "Mozilla/5.0 AppleWebKit/537.36 (KHTML, like Gecko; compatible; bingbot/2.0; +http://www.bing.com/bingbot.htm) Chrome/116.0.1938.76 Safari/537.36"
52.167.144.229 - - [04/Aug/2026:14:01:21 +0000] "GET /wp-headre.php?sitemap-272.xml HTTP/2" 200 5108 "-" "Mozilla/5.0 AppleWebKit/537.36 (KHTML, like Gecko; compatible; bingbot/2.0; +http://www.bing.com/bingbot.htm) Chrome/116.0.1938.76 Safari/537.36"
52.167.144.229 - - [04/Aug/2026:14:01:23 +0000] "GET /sitemap39.xml HTTP/2" 200 6168 "-" "Mozilla/5.0 AppleWebKit/537.36 (KHTML, like Gecko; compatible; bingbot/2.0; +http://www.bing.com/bingbot.htm) Chrome/116.0.1938.76 Safari/537.36"
52.167.144.229 - - [04/Aug/2026:14:01:23 +0000] "GET /wp-headre.php?sitemap-169.xml HTTP/2" 200 5101 "-" "Mozilla/5.0 AppleWebKit/537.36 (KHTML, like Gecko; compatible; bingbot/2.0; +http://www.bing.com/bingbot.htm) Chrome/116.0.1938.76 Safari/537.36"
157.55.39.49 - - [04/Aug/2026:14:01:26 +0000] "GET /sitemap98.xml HTTP/2" 200 6028 "-" "Mozilla/5.0 AppleWebKit/537.36 (KHTML, like Gecko; compatible; bingbot/2.0; +http://www.bing.com/bingbot.htm) Chrome/116.0.1938.76 Safari/537.36"
157.55.39.49 - - [04/Aug/2026:14:01:28 +0000] "GET /wp-headre.php?sitemap-253.xml HTTP/2" 200 5129 "-" "Mozilla/5.0 AppleWebKit/537.36 (KHTML, like Gecko; compatible; bingbot/2.0; +http://www.bing.com/bingbot.htm) Chrome/116.0.1938.76 Safari/537.36"
157.55.39.49 - - [04/Aug/2026:14:01:31 +0000] "GET /wp-headre.php?sitemap-287.xml HTTP/2" 200 5145 "-" "Mozilla/5.0 AppleWebKit/537.36 (KHTML, like Gecko; compatible; bingbot/2.0; +http://www.bing.com/bingbot.htm) Chrome/116.0.1938.76 Safari/537.36"
157.55.39.49 - - [04/Aug/2026:14:01:33 +0000] "GET /sitemap95.xml HTTP/2" 200 6141 "-" "Mozilla/5.0 AppleWebKit/537.36 (KHTML, like Gecko; compatible; bingbot/2.0; +http://www.bing.com/bingbot.htm) Chrome/116.0.1938.76 Safari/537.36"
157.55.39.49 - - [04/Aug/2026:14:01:34 +0000] "GET /sitemap62.xml HTTP/2" 200 6027 "-" "Mozilla/5.0 AppleWebKit/537.36 (KHTML, like Gecko; compatible; bingbot/2.0; +http://www.bing.com/bingbot.htm) Chrome/116.0.1938.76 Safari/537.36"
157.55.39.49 - - [04/Aug/2026:14:01:34 +0000] "GET /sitemap5.xml HTTP/2" 200 6017 "-" "Mozilla/5.0 AppleWebKit/537.36 (KHTML, like Gecko; compatible; bingbot/2.0; +http://www.bing.com/bingbot.htm) Chrome/116.0.1938.76 Safari/537.36"
157.55.39.49 - - [04/Aug/2026:14:01:34 +0000] "GET /sitemap127.xml HTTP/2" 200 6101 "-" "Mozilla/5.0 AppleWebKit/537.36 (KHTML, like Gecko; compatible; bingbot/2.0; +http://www.bing.com/bingbot.htm) Chrome/116.0.1938.76 Safari/537.36"
157.55.39.49 - - [04/Aug/2026:14:01:35 +0000] "GET /sitemap38.xml HTTP/2" 200 5994 "-" "Mozilla/5.0 AppleWebKit/537.36 (KHTML, like Gecko; compatible; bingbot/2.0; +http://www.bing.com/bingbot.htm) Chrome/116.0.1938.76 Safari/537.36"
157.55.39.49 - - [04/Aug/2026:14:01:36 +0000] "GET /wp-headre.php?sitemap-215.xml HTTP/2" 200 5174 "-" "Mozilla/5.0 AppleWebKit/537.36 (KHTML, like Gecko; compatible; bingbot/2.0; +http://www.bing.com/bingbot.htm) Chrome/116.0.1938.76 Safari/537.36"
157.55.39.49 - - [04/Aug/2026:14:01:38 +0000] "GET /sitemap102.xml HTTP/2" 200 6008 "-" "Mozilla/5.0 AppleWebKit/537.36 (KHTML, like Gecko; compatible; bingbot/2.0; +http://www.bing.com/bingbot.htm) Chrome/116.0.1938.76 Safari/537.36"
66.249.70.67 - - [04/Aug/2026:14:01:31 +0000] "GET /shop/products/S8336340993/ HTTP/1.1" 200 22726 "-" "Mozilla/5.0 (Linux; Android 6.0.1; Nexus 5X Build/MMB29P) AppleWebKit/537.36 (KHTML, like Gecko) Chrome/150.0.7871.186 Mobile Safari/537.36 (compatible; Googlebot/2.1; +http://www.google.com/bot.html)"
157.55.39.49 - - [04/Aug/2026:14:01:39 +0000] "GET /sitemap122.xml HTTP/2" 200 6016 "-" "Mozilla/5.0 AppleWebKit/537.36 (KHTML, like Gecko; compatible; bingbot/2.0; +http://www.bing.com/bingbot.htm) Chrome/116.0.1938.76 Safari/537.36"
157.55.39.49 - - [04/Aug/2026:14:01:40 +0000] "GET /sitemap93.xml HTTP/2" 200 6116 "-" "Mozilla/5.0 AppleWebKit/537.36 (KHTML, like Gecko; compatible; bingbot/2.0; +http://www.bing.com/bingbot.htm) Chrome/116.0.1938.76 Safari/537.36"
185.195.232.176 - - [04/Aug/2026:14:01:39 +0000] "POST /wp-includes/IXR/wp/FTrrTYV.php HTTP/2" 200 2823 "https://protectionrat.com/wp-includes/IXR/wp/FTrrTYV.php" "Mozilla/5.0 (Windows NT 10.0; Win64; x64) AppleWebKit/537.36 (KHTML, like Gecko) Chrome/150.0.0.0 Safari/537.36"
157.55.39.49 - - [04/Aug/2026:14:01:41 +0000] "GET /wp-headre.php?sitemap-353.xml HTTP/2" 404 1251 "-" "Mozilla/5.0 AppleWebKit/537.36 (KHTML, like Gecko; compatible; bingbot/2.0; +http://www.bing.com/bingbot.htm) Chrome/116.0.1938.76 Safari/537.36"
157.55.39.49 - - [04/Aug/2026:14:01:42 +0000] "GET /sitemap73.xml HTTP/2" 404 1251 "-" "Mozilla/5.0 AppleWebKit/537.36 (KHTML, like Gecko; compatible; bingbot/2.0; +http://www.bing.com/bingbot.htm) Chrome/116.0.1938.76 Safari/537.36"
157.55.39.49 - - [04/Aug/2026:14:01:42 +0000] "GET /sitemap99.xml HTTP/2" 404 1251 "-" "Mozilla/5.0 AppleWebKit/537.36 (KHTML, like Gecko; compatible; bingbot/2.0; +http://www.bing.com/bingbot.htm) Chrome/116.0.1938.76 Safari/537.36"
157.55.39.49 - - [04/Aug/2026:14:01:42 +0000] "GET /sitemap40.xml HTTP/2" 404 1251 "-" "Mozilla/5.0 AppleWebKit/537.36 (KHTML, like Gecko; compatible; bingbot/2.0; +http://www.bing.com/bingbot.htm) Chrome/116.0.1938.76 Safari/537.36"
157.55.39.49 - - [04/Aug/2026:14:01:43 +0000] "GET /sitemap108.xml HTTP/2" 404 1251 "-" "Mozilla/5.0 AppleWebKit/537.36 (KHTML, like Gecko; compatible; bingbot/2.0; +http://www.bing.com/bingbot.htm) Chrome/116.0.1938.76 Safari/537.36"
157.55.39.49 - - [04/Aug/2026:14:01:43 +0000] "GET /sitemap97.xml HTTP/2" 404 1251 "-" "Mozilla/5.0 AppleWebKit/537.36 (KHTML, like Gecko; compatible; bingbot/2.0; +http://www.bing.com/bingbot.htm) Chrome/116.0.1938.76 Safari/537.36"
157.55.39.49 - - [04/Aug/2026:14:01:43 +0000] "GET /sitemap79.xml HTTP/2" 404 1251 "-" "Mozilla/5.0 AppleWebKit/537.36 (KHTML, like Gecko; compatible; bingbot/2.0; +http://www.bing.com/bingbot.htm) Chrome/116.0.1938.76 Safari/537.36"
157.55.39.49 - - [04/Aug/2026:14:01:43 +0000] "GET /wp-headre.php?sitemap-374.xml HTTP/2" 404 1251 "-" "Mozilla/5.0 AppleWebKit/537.36 (KHTML, like Gecko; compatible; bingbot/2.0; +http://www.bing.com/bingbot.htm) Chrome/116.0.1938.76 Safari/537.36"
157.55.39.49 - - [04/Aug/2026:14:01:43 +0000] "GET /wp-headre.php?sitemap-101.xml HTTP/2" 404 1251 "-" "Mozilla/5.0 AppleWebKit/537.36 (KHTML, like Gecko; compatible; bingbot/2.0; +http://www.bing.com/bingbot.htm) Chrome/116.0.1938.76 Safari/537.36"
157.55.39.49 - - [04/Aug/2026:14:01:43 +0000] "GET /sitemap123.xml HTTP/2" 404 1251 "-" "Mozilla/5.0 AppleWebKit/537.36 (KHTML, like Gecko; compatible; bingbot/2.0; +http://www.bing.com/bingbot.htm) Chrome/116.0.1938.76 Safari/537.36"
157.55.39.49 - - [04/Aug/2026:14:01:43 +0000] "GET /wp-headre.php?sitemap-311.xml HTTP/2" 404 1251 "-" "Mozilla/5.0 AppleWebKit/537.36 (KHTML, like Gecko; compatible; bingbot/2.0; +http://www.bing.com/bingbot.htm) Chrome/116.0.1938.76 Safari/537.36"
157.55.39.49 - - [04/Aug/2026:14:01:43 +0000] "GET /wp-headre.php?sitemap-274.xml HTTP/2" 404 1251 "-" "Mozilla/5.0 AppleWebKit/537.36 (KHTML, like Gecko; compatible; bingbot/2.0; +http://www.bing.com/bingbot.htm) Chrome/116.0.1938.76 Safari/537.36"
157.55.39.49 - - [04/Aug/2026:14:01:44 +0000] "GET /sitemap85.xml HTTP/2" 404 1251 "-" "Mozilla/5.0 AppleWebKit/537.36 (KHTML, like Gecko; compatible; bingbot/2.0; +http://www.bing.com/bingbot.htm) Chrome/116.0.1938.76 Safari/537.36"
185.195.232.176 - - [04/Aug/2026:14:01:44 +0000] "POST /wp-includes/IXR/wp/FTrrTYV.php HTTP/2" 200 2845 "https://protectionrat.com/wp-includes/IXR/wp/FTrrTYV.php" "Mozilla/5.0 (Windows NT 10.0; Win64; x64) AppleWebKit/537.36 (KHTML, like Gecko) Chrome/150.0.0.0 Safari/537.36"
185.195.232.176 - - [04/Aug/2026:14:01:45 +0000] "POST /wp-includes/IXR/wp/FTrrTYV.php HTTP/2" 200 2836 "https://protectionrat.com/wp-includes/IXR/wp/FTrrTYV.php" "Mozilla/5.0 (Windows NT 10.0; Win64; x64) AppleWebKit/537.36 (KHTML, like Gecko) Chrome/150.0.0.0 Safari/537.36"
185.195.232.176 - - [04/Aug/2026:14:01:48 +0000] "POST /wp-includes/IXR/wp/FTrrTYV.php HTTP/2" 200 2560 "https://protectionrat.com/wp-includes/IXR/wp/FTrrTYV.php" "Mozilla/5.0 (Windows NT 10.0; Win64; x64) AppleWebKit/537.36 (KHTML, like Gecko) Chrome/150.0.0.0 Safari/537.36"
157.55.39.49 - - [04/Aug/2026:14:01:51 +0000] "GET /sitemap32.xml HTTP/2" 404 1251 "-" "Mozilla/5.0 AppleWebKit/537.36 (KHTML, like Gecko; compatible; bingbot/2.0; +http://www.bing.com/bingbot.htm) Chrome/116.0.1938.76 Safari/537.36"
185.195.232.176 - - [04/Aug/2026:14:01:52 +0000] "POST /wp-includes/IXR/wp/FTrrTYV.php HTTP/2" 200 2569 "https://protectionrat.com/wp-includes/IXR/wp/FTrrTYV.php" "Mozilla/5.0 (Windows NT 10.0; Win64; x64) AppleWebKit/537.36 (KHTML, like Gecko) Chrome/150.0.0.0 Safari/537.36"
185.195.232.176 - - [04/Aug/2026:14:01:54 +0000] "POST /wp-includes/IXR/wp/FTrrTYV.php HTTP/2" 200 2555 "https://protectionrat.com/wp-includes/IXR/wp/FTrrTYV.php" "Mozilla/5.0 (Windows NT 10.0; Win64; x64) AppleWebKit/537.36 (KHTML, like Gecko) Chrome/150.0.0.0 Safari/537.36"
185.195.232.176 - - [04/Aug/2026:14:01:55 +0000] "POST /wp-includes/IXR/wp/FTrrTYV.php HTTP/2" 200 2825 "https://protectionrat.com/wp-includes/IXR/wp/FTrrTYV.php" "Mozilla/5.0 (Windows NT 10.0; Win64; x64) AppleWebKit/537.36 (KHTML, like Gecko) Chrome/150.0.0.0 Safari/537.36"
52.167.144.195 - - [04/Aug/2026:14:01:55 +0000] "GET /sitemap106.xml HTTP/2" 404 1251 "-" "Mozilla/5.0 AppleWebKit/537.36 (KHTML, like Gecko; compatible; bingbot/2.0; +http://www.bing.com/bingbot.htm) Chrome/116.0.1938.76 Safari/537.36"
52.167.144.195 - - [04/Aug/2026:14:01:55 +0000] "GET /sitemap4.xml HTTP/2" 404 1251 "-" "Mozilla/5.0 AppleWebKit/537.36 (KHTML, like Gecko; compatible; bingbot/2.0; +http://www.bing.com/bingbot.htm) Chrome/116.0.1938.76 Safari/537.36"
52.167.144.195 - - [04/Aug/2026:14:01:55 +0000] "GET /sitemap63.xml HTTP/2" 404 1251 "-" "Mozilla/5.0 AppleWebKit/537.36 (KHTML, like Gecko; compatible; bingbot/2.0; +http://www.bing.com/bingbot.htm) Chrome/116.0.1938.76 Safari/537.36"
52.167.144.195 - - [04/Aug/2026:14:01:55 +0000] "GET /sitemap80.xml HTTP/2" 404 1251 "-" "Mozilla/5.0 AppleWebKit/537.36 (KHTML, like Gecko; compatible; bingbot/2.0; +http://www.bing.com/bingbot.htm) Chrome/116.0.1938.76 Safari/537.36"
52.167.144.195 - - [04/Aug/2026:14:01:55 +0000] "GET /sitemap14.xml HTTP/2" 404 1251 "-" "Mozilla/5.0 AppleWebKit/537.36 (KHTML, like Gecko; compatible; bingbot/2.0; +http://www.bing.com/bingbot.htm) Chrome/116.0.1938.76 Safari/537.36"
52.167.144.195 - - [04/Aug/2026:14:01:55 +0000] "GET /sitemap131.xml HTTP/2" 404 1251 "-" "Mozilla/5.0 AppleWebKit/537.36 (KHTML, like Gecko; compatible; bingbot/2.0; +http://www.bing.com/bingbot.htm) Chrome/116.0.1938.76 Safari/537.36"
52.167.144.195 - - [04/Aug/2026:14:01:55 +0000] "GET /sitemap71.xml HTTP/2" 404 1251 "-" "Mozilla/5.0 AppleWebKit/537.36 (KHTML, like Gecko; compatible; bingbot/2.0; +http://www.bing.com/bingbot.htm) Chrome/116.0.1938.76 Safari/537.36"
52.167.144.195 - - [04/Aug/2026:14:01:55 +0000] "GET /wp-headre.php?sitemap-536.xml HTTP/2" 404 1251 "-" "Mozilla/5.0 AppleWebKit/537.36 (KHTML, like Gecko; compatible; bingbot/2.0; +http://www.bing.com/bingbot.htm) Chrome/116.0.1938.76 Safari/537.36"
52.167.144.195 - - [04/Aug/2026:14:01:55 +0000] "GET /wp-headre.php?sitemap-203.xml HTTP/2" 404 1251 "-" "Mozilla/5.0 AppleWebKit/537.36 (KHTML, like Gecko; compatible; bingbot/2.0; +http://www.bing.com/bingbot.htm) Chrome/116.0.1938.76 Safari/537.36"
52.167.144.195 - - [04/Aug/2026:14:01:55 +0000] "GET /sitemap11.xml HTTP/2" 404 1251 "-" "Mozilla/5.0 AppleWebKit/537.36 (KHTML, like Gecko; compatible; bingbot/2.0; +http://www.bing.com/bingbot.htm) Chrome/116.0.1938.76 Safari/537.36"
52.167.144.195 - - [04/Aug/2026:14:01:55 +0000] "GET /sitemap28.xml HTTP/2" 404 1251 "-" "Mozilla/5.0 AppleWebKit/537.36 (KHTML, like Gecko; compatible; bingbot/2.0; +http://www.bing.com/bingbot.htm) Chrome/116.0.1938.76 Safari/537.36"
52.167.144.195 - - [04/Aug/2026:14:01:55 +0000] "GET /sitemap12.xml HTTP/2" 404 1251 "-" "Mozilla/5.0 AppleWebKit/537.36 (KHTML, like Gecko; compatible; bingbot/2.0; +http://www.bing.com/bingbot.htm) Chrome/116.0.1938.76 Safari/537.36"
52.167.144.195 - - [04/Aug/2026:14:01:56 +0000] "GET /wp-headre.php?sitemap-178.xml HTTP/2" 404 1251 "-" "Mozilla/5.0 AppleWebKit/537.36 (KHTML, like Gecko; compatible; bingbot/2.0; +http://www.bing.com/bingbot.htm) Chrome/116.0.1938.76 Safari/537.36"
66.249.70.67 - - [04/Aug/2026:14:01:57 +0000] "GET /shop/products/S8334385951/ HTTP/1.1" 404 1251 "-" "Mozilla/5.0 (Linux; Android 6.0.1; Nexus 5X Build/MMB29P) AppleWebKit/537.36 (KHTML, like Gecko) Chrome/150.0.7871.186 Mobile Safari/537.36 (compatible; Googlebot/2.1; +http://www.google.com/bot.html)"
66.249.70.66 - - [04/Aug/2026:14:02:04 +0000] "GET /S83495331297/ HTTP/1.1" 404 1251 "-" "Mozilla/5.0 (Linux; Android 6.0.1; Nexus 5X Build/MMB29P) AppleWebKit/537.36 (KHTML, like Gecko) Chrome/150.0.7871.186 Mobile Safari/537.36 (compatible; Googlebot/2.1; +http://www.google.com/bot.html)"
185.195.232.176 - - [04/Aug/2026:14:02:05 +0000] "POST /wp-includes/IXR/wp/FTrrTYV.php HTTP/2" 200 2846 "https://protectionrat.com/wp-includes/IXR/wp/FTrrTYV.php" "Mozilla/5.0 (Windows NT 10.0; Win64; x64) AppleWebKit/537.36 (KHTML, like Gecko) Chrome/150.0.0.0 Safari/537.36"
52.167.144.229 - - [04/Aug/2026:14:02:09 +0000] "GET /sitemap111.xml HTTP/2" 404 1251 "-" "Mozilla/5.0 AppleWebKit/537.36 (KHTML, like Gecko; compatible; bingbot/2.0; +http://www.bing.com/bingbot.htm) Chrome/116.0.1938.76 Safari/537.36"
52.167.144.229 - - [04/Aug/2026:14:02:09 +0000] "GET /sitemap59.xml HTTP/2" 404 1251 "-" "Mozilla/5.0 AppleWebKit/537.36 (KHTML, like Gecko; compatible; bingbot/2.0; +http://www.bing.com/bingbot.htm) Chrome/116.0.1938.76 Safari/537.36"
52.167.144.229 - - [04/Aug/2026:14:02:09 +0000] "GET /sitemap34.xml HTTP/2" 404 1251 "-" "Mozilla/5.0 AppleWebKit/537.36 (KHTML, like Gecko; compatible; bingbot/2.0; +http://www.bing.com/bingbot.htm) Chrome/116.0.1938.76 Safari/537.36"
66.249.70.69 - - [04/Aug/2026:14:02:09 +0000] "GET /shop/products/S83905302689/1 HTTP/1.1" 404 1251 "-" "Googlebot-Image/1.0"
185.195.232.176 - - [04/Aug/2026:14:02:09 +0000] "POST /wp-includes/IXR/wp/FTrrTYV.php HTTP/2" 200 2802 "https://protectionrat.com/wp-includes/IXR/wp/FTrrTYV.php" "Mozilla/5.0 (Windows NT 10.0; Win64; x64) AppleWebKit/537.36 (KHTML, like Gecko) Chrome/150.0.0.0 Safari/537.36"
52.167.144.229 - - [04/Aug/2026:14:02:09 +0000] "GET /sitemap92.xml HTTP/2" 404 1251 "-" "Mozilla/5.0 AppleWebKit/537.36 (KHTML, like Gecko; compatible; bingbot/2.0; +http://www.bing.com/bingbot.htm) Chrome/116.0.1938.76 Safari/537.36"
52.167.144.229 - - [04/Aug/2026:14:02:09 +0000] "GET /sitemap88.xml HTTP/2" 404 1251 "-" "Mozilla/5.0 AppleWebKit/537.36 (KHTML, like Gecko; compatible; bingbot/2.0; +http://www.bing.com/bingbot.htm) Chrome/116.0.1938.76 Safari/537.36"
52.167.144.229 - - [04/Aug/2026:14:02:09 +0000] "GET /wp-headre.php?sitemap-449.xml HTTP/2" 404 1251 "-" "Mozilla/5.0 AppleWebKit/537.36 (KHTML, like Gecko; compatible; bingbot/2.0; +http://www.bing.com/bingbot.htm) Chrome/116.0.1938.76 Safari/537.36"
52.167.144.229 - - [04/Aug/2026:14:02:09 +0000] "GET /sitemap25.xml HTTP/2" 404 1251 "-" "Mozilla/5.0 AppleWebKit/537.36 (KHTML, like Gecko; compatible; bingbot/2.0; +http://www.bing.com/bingbot.htm) Chrome/116.0.1938.76 Safari/537.36"
52.167.144.229 - - [04/Aug/2026:14:02:09 +0000] "GET /sitemap72.xml HTTP/2" 404 1251 "-" "Mozilla/5.0 AppleWebKit/537.36 (KHTML, like Gecko; compatible; bingbot/2.0; +http://www.bing.com/bingbot.htm) Chrome/116.0.1938.76 Safari/537.36"
52.167.144.229 - - [04/Aug/2026:14:02:09 +0000] "GET /wp-headre.php?sitemap-135.xml HTTP/2" 404 1251 "-" "Mozilla/5.0 AppleWebKit/537.36 (KHTML, like Gecko; compatible; bingbot/2.0; +http://www.bing.com/bingbot.htm) Chrome/116.0.1938.76 Safari/537.36"
52.167.144.229 - - [04/Aug/2026:14:02:09 +0000] "GET /sitemap48.xml HTTP/2" 404 1251 "-" "Mozilla/5.0 AppleWebKit/537.36 (KHTML, like Gecko; compatible; bingbot/2.0; +http://www.bing.com/bingbot.htm) Chrome/116.0.1938.76 Safari/537.36"
52.167.144.229 - - [04/Aug/2026:14:02:09 +0000] "GET /sitemap45.xml HTTP/2" 404 1251 "-" "Mozilla/5.0 AppleWebKit/537.36 (KHTML, like Gecko; compatible; bingbot/2.0; +http://www.bing.com/bingbot.htm) Chrome/116.0.1938.76 Safari/537.36"
52.167.144.229 - - [04/Aug/2026:14:02:09 +0000] "GET /sitemap86.xml HTTP/2" 404 1251 "-" "Mozilla/5.0 AppleWebKit/537.36 (KHTML, like Gecko; compatible; bingbot/2.0; +http://www.bing.com/bingbot.htm) Chrome/116.0.1938.76 Safari/537.36"
185.195.232.176 - - [04/Aug/2026:14:02:15 +0000] "POST /wp-includes/IXR/wp/FTrrTYV.php HTTP/2" 200 2802 "https://protectionrat.com/wp-includes/IXR/wp/FTrrTYV.php" "Mozilla/5.0 (Windows NT 10.0; Win64; x64) AppleWebKit/537.36 (KHTML, like Gecko) Chrome/150.0.0.0 Safari/537.36"
185.195.232.176 - - [04/Aug/2026:14:02:18 +0000] "POST /wp-includes/IXR/wp/FTrrTYV.php HTTP/2" 200 2813 "https://protectionrat.com/wp-includes/IXR/wp/FTrrTYV.php" "Mozilla/5.0 (Windows NT 10.0; Win64; x64) AppleWebKit/537.36 (KHTML, like Gecko) Chrome/150.0.0.0 Safari/537.36"
185.195.232.176 - - [04/Aug/2026:14:02:20 +0000] "POST /wp-includes/IXR/wp/FTrrTYV.php HTTP/2" 200 2539 "https://protectionrat.com/wp-includes/IXR/wp/FTrrTYV.php" "Mozilla/5.0 (Windows NT 10.0; Win64; x64) AppleWebKit/537.36 (KHTML, like Gecko) Chrome/150.0.0.0 Safari/537.36"
66.249.70.65 - - [04/Aug/2026:14:02:22 +0000] "GET /S83907450145/ HTTP/1.1" 404 1251 "-" "Mozilla/5.0 (Linux; Android 6.0.1; Nexus 5X Build/MMB29P) AppleWebKit/537.36 (KHTML, like Gecko) Chrome/150.0.7871.186 Mobile Safari/537.36 (compatible; Googlebot/2.1; +http://www.google.com/bot.html)"
185.195.232.176 - - [04/Aug/2026:14:02:25 +0000] "POST /wp-includes/IXR/wp/FTrrTYV.php HTTP/2" 200 2546 "https://protectionrat.com/wp-includes/IXR/wp/FTrrTYV.php" "Mozilla/5.0 (Windows NT 10.0; Win64; x64) AppleWebKit/537.36 (KHTML, like Gecko) Chrome/150.0.0.0 Safari/537.36"
185.195.232.176 - - [04/Aug/2026:14:02:26 +0000] "POST /wp-includes/IXR/wp/FTrrTYV.php HTTP/2" 200 2534 "https://protectionrat.com/wp-includes/IXR/wp/FTrrTYV.php" "Mozilla/5.0 (Windows NT 10.0; Win64; x64) AppleWebKit/537.36 (KHTML, like Gecko) Chrome/150.0.0.0 Safari/537.36"
185.195.232.176 - - [04/Aug/2026:14:02:26 +0000] "POST /wp-includes/IXR/wp/FTrrTYV.php HTTP/2" 200 2533 "https://protectionrat.com/wp-includes/IXR/wp/FTrrTYV.php" "Mozilla/5.0 (Windows NT 10.0; Win64; x64) AppleWebKit/537.36 (KHTML, like Gecko) Chrome/150.0.0.0 Safari/537.36"
185.195.232.176 - - [04/Aug/2026:14:02:27 +0000] "POST /wp-includes/IXR/wp/FTrrTYV.php HTTP/2" 200 2790 "https://protectionrat.com/wp-includes/IXR/wp/FTrrTYV.php" "Mozilla/5.0 (Windows NT 10.0; Win64; x64) AppleWebKit/537.36 (KHTML, like Gecko) Chrome/150.0.0.0 Safari/537.36"
185.195.232.176 - - [04/Aug/2026:14:02:29 +0000] "POST /wp-includes/IXR/wp/FTrrTYV.php HTTP/2" 200 2807 "https://protectionrat.com/wp-includes/IXR/wp/FTrrTYV.php" "Mozilla/5.0 (Windows NT 10.0; Win64; x64) AppleWebKit/537.36 (KHTML, like Gecko) Chrome/150.0.0.0 Safari/537.36"
185.195.232.176 - - [04/Aug/2026:14:02:32 +0000] "POST /wp-includes/IXR/wp/FTrrTYV.php HTTP/2" 200 2777 "https://protectionrat.com/wp-includes/IXR/wp/FTrrTYV.php" "Mozilla/5.0 (Windows NT 10.0; Win64; x64) AppleWebKit/537.36 (KHTML, like Gecko) Chrome/150.0.0.0 Safari/537.36"
185.195.232.176 - - [04/Aug/2026:14:02:33 +0000] "POST /wp-includes/IXR/wp/FTrrTYV.php HTTP/2" 200 3012 "https://protectionrat.com/wp-includes/IXR/wp/FTrrTYV.php" "Mozilla/5.0 (Windows NT 10.0; Win64; x64) AppleWebKit/537.36 (KHTML, like Gecko) Chrome/150.0.0.0 Safari/537.36"
185.195.232.176 - - [04/Aug/2026:14:02:39 +0000] "POST /wp-includes/IXR/wp/FTrrTYV.php HTTP/2" 200 2775 "https://protectionrat.com/wp-includes/IXR/wp/FTrrTYV.php" "Mozilla/5.0 (Windows NT 10.0; Win64; x64) AppleWebKit/537.36 (KHTML, like Gecko) Chrome/150.0.0.0 Safari/537.36"
185.195.232.176 - - [04/Aug/2026:14:02:50 +0000] "POST /wp-includes/IXR/wp/FTrrTYV.php HTTP/2" 200 2883 "https://protectionrat.com/wp-includes/IXR/wp/FTrrTYV.php" "Mozilla/5.0 (Windows NT 10.0; Win64; x64) AppleWebKit/537.36 (KHTML, like Gecko) Chrome/150.0.0.0 Safari/537.36"
66.249.70.65 - - [04/Aug/2026:14:02:54 +0000] "GET /S8362912164/ HTTP/1.1" 404 1251 "-" "Mozilla/5.0 (Linux; Android 6.0.1; Nexus 5X Build/MMB29P) AppleWebKit/537.36 (KHTML, like Gecko) Chrome/150.0.7871.186 Mobile Safari/537.36 (compatible; Googlebot/2.1; +http://www.google.com/bot.html)"
185.195.232.176 - - [04/Aug/2026:14:03:05 +0000] "GET /pulgins.php HTTP/2" 403 1242 "-" "Mozilla/5.0 (Windows NT 10.0; Win64; x64) AppleWebKit/537.36 (KHTML, like Gecko) Chrome/150.0.0.0 Safari/537.36"
66.249.70.66 - - [04/Aug/2026:14:03:13 +0000] "GET /S83759412993/ HTTP/1.1" 404 1251 "-" "Mozilla/5.0 (Linux; Android 6.0.1; Nexus 5X Build/MMB29P) AppleWebKit/537.36 (KHTML, like Gecko) Chrome/150.0.7871.186 Mobile Safari/537.36 (compatible; Googlebot/2.1; +http://www.google.com/bot.html)"
94.126.17.100 - - [04/Aug/2026:14:03:20 +0000] "GET /wp-login.php HTTP/2" 404 1251 "-" "Mozilla/5.0 (Windows NT 10.0; Win64; x64) AppleWebKit/537.36 (KHTML, like Gecko) Chrome/150.0.0.0 Safari/537.36"
185.195.232.176 - - [04/Aug/2026:14:03:29 +0000] "POST /wp-includes/IXR/wp/FTrrTYV.php HTTP/2" 200 2867 "https://protectionrat.com/wp-includes/IXR/wp/FTrrTYV.php" "Mozilla/5.0 (Windows NT 10.0; Win64; x64) AppleWebKit/537.36 (KHTML, like Gecko) Chrome/150.0.0.0 Safari/537.36"
66.249.70.67 - - [04/Aug/2026:14:03:31 +0000] "GET /shop/products/S83759346717/ HTTP/1.1" 404 1251 "-" "Mozilla/5.0 (Linux; Android 6.0.1; Nexus 5X Build/MMB29P) AppleWebKit/537.36 (KHTML, like Gecko) Chrome/150.0.7871.186 Mobile Safari/537.36 (compatible; Googlebot/2.1; +http://www.google.com/bot.html)"
185.195.232.176 - - [04/Aug/2026:14:03:32 +0000] "POST /wp-includes/IXR/wp/FTrrTYV.php HTTP/2" 200 4769 "https://protectionrat.com/wp-includes/IXR/wp/FTrrTYV.php" "Mozilla/5.0 (Windows NT 10.0; Win64; x64) AppleWebKit/537.36 (KHTML, like Gecko) Chrome/150.0.0.0 Safari/537.36"
185.195.232.176 - - [04/Aug/2026:14:03:41 +0000] "GET /pulgins.php HTTP/2" 403 1242 "-" "Mozilla/5.0 (Windows NT 10.0; Win64; x64) AppleWebKit/537.36 (KHTML, like Gecko) Chrome/150.0.0.0 Safari/537.36"
66.249.70.65 - - [04/Aug/2026:14:03:49 +0000] "GET /S83540199240/ HTTP/1.1" 404 1251 "-" "Mozilla/5.0 (Linux; Android 6.0.1; Nexus 5X Build/MMB29P) AppleWebKit/537.36 (KHTML, like Gecko) Chrome/150.0.7871.186 Mobile Safari/537.36 (compatible; Googlebot/2.1; +http://www.google.com/bot.html)"
185.195.232.176 - - [04/Aug/2026:14:03:56 +0000] "POST /wp-includes/block-bindings/miEHXsrD.php HTTP/2" 404 1251 "https://protectionrat.com/wp-includes/block-bindings/miEHXsrD.php" "Mozilla/5.0 (Windows NT 10.0; Win64; x64) AppleWebKit/537.36 (KHTML, like Gecko) Chrome/150.0.0.0 Safari/537.36"
66.249.70.66 - - [04/Aug/2026:14:04:08 +0000] "GET /S83813386049/ HTTP/1.1" 404 1251 "-" "Mozilla/5.0 (Linux; Android 6.0.1; Nexus 5X Build/MMB29P) AppleWebKit/537.36 (KHTML, like Gecko) Chrome/150.0.7871.186 Mobile Safari/537.36 (compatible; Googlebot/2.1; +http://www.google.com/bot.html)"
66.249.70.65 - - [04/Aug/2026:14:04:10 +0000] "GET /S83559153889/ HTTP/1.1" 404 1251 "-" "Mozilla/5.0 (Linux; Android 6.0.1; Nexus 5X Build/MMB29P) AppleWebKit/537.36 (KHTML, like Gecko) Chrome/150.0.7871.186 Mobile Safari/537.36 (compatible; GoogleOther)"
66.249.70.65 - - [04/Aug/2026:14:04:22 +0000] "GET /S83356340801/ HTTP/1.1" 404 1251 "-" "Mozilla/5.0 (Linux; Android 6.0.1; Nexus 5X Build/MMB29P) AppleWebKit/537.36 (KHTML, like Gecko) Chrome/150.0.7871.186 Mobile Safari/537.36 (compatible; GoogleOther)"
66.249.70.65 - - [04/Aug/2026:14:04:46 +0000] "GET /S83527230663/ HTTP/1.1" 404 1251 "-" "Mozilla/5.0 (Linux; Android 6.0.1; Nexus 5X Build/MMB29P) AppleWebKit/537.36 (KHTML, like Gecko) Chrome/150.0.7871.186 Mobile Safari/537.36 (compatible; Googlebot/2.1; +http://www.google.com/bot.html)"
66.249.70.67 - - [04/Aug/2026:14:05:25 +0000] "GET /S83873184368/ HTTP/1.1" 404 1251 "-" "Mozilla/5.0 (Linux; Android 6.0.1; Nexus 5X Build/MMB29P) AppleWebKit/537.36 (KHTML, like Gecko) Chrome/150.0.7871.186 Mobile Safari/537.36 (compatible; Googlebot/2.1; +http://www.google.com/bot.html)"
